Last updated on 2024-12-18 19:49:23 CET.
Flavor | Version | Tinstall | Tcheck | Ttotal | Status | Flags |
---|---|---|---|---|---|---|
r-devel-linux-x86_64-debian-clang | 0.1.1 | 100.67 | 33.65 | 134.32 | OK | |
r-devel-linux-x86_64-debian-gcc | 0.1.1 | 68.41 | 25.95 | 94.36 | OK | |
r-devel-linux-x86_64-fedora-clang | 0.1.1 | 274.43 | OK | |||
r-devel-linux-x86_64-fedora-gcc | 0.1.1 | 279.00 | OK | |||
r-devel-windows-x86_64 | 0.1.1 | 106.00 | 73.00 | 179.00 | OK | |
r-patched-linux-x86_64 | 0.1.1 | 94.24 | 32.34 | 126.58 | OK | |
r-release-linux-x86_64 | 0.1.1 | 93.10 | 33.00 | 126.10 | OK | |
r-release-macos-arm64 | 0.1.1 | 59.00 | NOTE | |||
r-release-macos-x86_64 | 0.1.1 | 70.00 | NOTE | |||
r-release-windows-x86_64 | 0.1.1 | 104.00 | 79.00 | 183.00 | OK | |
r-oldrel-macos-arm64 | 0.1.1 | 62.00 | NOTE | |||
r-oldrel-macos-x86_64 | 0.1.1 | 71.00 | NOTE | |||
r-oldrel-windows-x86_64 | 0.1.1 | 124.00 | 86.00 | 210.00 | OK |
Version: 0.1.1
Check: installed package size
Result: NOTE
installed size is 6.1Mb
sub-directories of 1Mb or more:
libs 5.6Mb
Flavors: r-release-macos-arm64, r-release-macos-x86_64, r-oldrel-macos-arm64, r-oldrel-macos-x86_64