Last updated on 2025-02-12 08:49:24 CET.
Flavor | Version | Tinstall | Tcheck | Ttotal | Status | Flags |
---|---|---|---|---|---|---|
r-devel-linux-x86_64-debian-clang | 1.1.2 | 6.52 | 39.52 | 46.04 | OK | |
r-devel-linux-x86_64-debian-gcc | 1.1.2 | 4.29 | 30.33 | 34.62 | OK | |
r-devel-linux-x86_64-fedora-clang | 1.1.2 | 76.79 | NOTE | |||
r-devel-linux-x86_64-fedora-gcc | 1.1.2 | 87.49 | NOTE | |||
r-devel-windows-x86_64 | 1.1.2 | 8.00 | 66.00 | 74.00 | OK | |
r-patched-linux-x86_64 | 1.1.2 | 6.22 | 37.96 | 44.18 | OK | |
r-release-linux-x86_64 | 1.1.2 | 5.87 | 38.67 | 44.54 | OK | |
r-release-macos-arm64 | 1.1.2 | 36.00 | OK | |||
r-release-macos-x86_64 | 1.1.2 | 51.00 | OK | |||
r-release-windows-x86_64 | 1.1.2 | 8.00 | 67.00 | 75.00 | OK | |
r-oldrel-macos-arm64 | 1.1.2 | 35.00 | OK | |||
r-oldrel-macos-x86_64 | 1.1.2 | 45.00 | OK | |||
r-oldrel-windows-x86_64 | 1.1.2 | 10.00 | 71.00 | 81.00 | OK |
Version: 1.1.2
Check: dependencies in R code
Result: NOTE
Namespace in Imports field not imported from: ‘methods’
All declared Imports should be used.
Flavors: r-devel-linux-x86_64-fedora-clang, r-devel-linux-x86_64-fedora-gcc