Last updated on 2025-05-13 19:52:49 CEST.
Flavor | Version | Tinstall | Tcheck | Ttotal | Status | Flags |
---|---|---|---|---|---|---|
r-devel-linux-x86_64-debian-clang | 1.1.2 | 13.94 | 100.75 | 114.69 | OK | |
r-devel-linux-x86_64-debian-gcc | 1.1.2 | 8.89 | 74.70 | 83.59 | OK | |
r-devel-linux-x86_64-fedora-clang | 1.1.2 | 173.95 | NOTE | |||
r-devel-linux-x86_64-fedora-gcc | 1.1.2 | 159.77 | NOTE | |||
r-devel-windows-x86_64 | 1.1.2 | 13.00 | 104.00 | 117.00 | OK | |
r-patched-linux-x86_64 | 1.1.2 | 12.57 | 94.32 | 106.89 | OK | |
r-release-linux-x86_64 | 1.1.2 | 12.16 | 95.78 | 107.94 | OK | |
r-release-macos-arm64 | 1.1.2 | 49.00 | OK | |||
r-release-macos-x86_64 | 1.1.2 | 86.00 | OK | |||
r-release-windows-x86_64 | 1.1.2 | 14.00 | 102.00 | 116.00 | OK | |
r-oldrel-macos-arm64 | 1.1.2 | 43.00 | OK | |||
r-oldrel-macos-x86_64 | 1.1.2 | 69.00 | OK | |||
r-oldrel-windows-x86_64 | 1.1.2 | 20.00 | 129.00 | 149.00 | OK |
Version: 1.1.2
Check: dependencies in R code
Result: NOTE
Namespace in Imports field not imported from: ‘rlist’
All declared Imports should be used.
Flavors: r-devel-linux-x86_64-fedora-clang, r-devel-linux-x86_64-fedora-gcc