Last updated on 2025-05-18 08:50:30 CEST.
Flavor | Version | Tinstall | Tcheck | Ttotal | Status | Flags |
---|---|---|---|---|---|---|
r-devel-linux-x86_64-debian-clang | 2025.2.1 | 83.20 | 107.68 | 190.88 | OK | |
r-devel-linux-x86_64-debian-gcc | 2025.2.1 | 73.49 | 84.43 | 157.92 | OK | |
r-devel-linux-x86_64-fedora-clang | 2025.2.1 | 301.56 | OK | |||
r-devel-linux-x86_64-fedora-gcc | 2025.2.1 | 395.71 | OK | |||
r-devel-windows-x86_64 | 2025.2.1 | 90.00 | 145.00 | 235.00 | OK | |
r-patched-linux-x86_64 | 2025.2.1 | 103.52 | 107.30 | 210.82 | OK | |
r-release-linux-x86_64 | 2025.2.1 | 104.06 | 107.47 | 211.53 | OK | |
r-release-macos-arm64 | 2025.2.1 | 112.00 | OK | |||
r-release-macos-x86_64 | 2025.2.1 | 226.00 | OK | |||
r-release-windows-x86_64 | 2025.2.1 | 90.00 | 155.00 | 245.00 | OK | |
r-oldrel-macos-arm64 | 2025.2.1 | 111.00 | NOTE | |||
r-oldrel-macos-x86_64 | 2025.2.1 | 250.00 | NOTE | |||
r-oldrel-windows-x86_64 | 2025.2.1 | 106.00 | 175.00 | 281.00 | NOTE |
Version: 2025.2.1
Check: installed package size
Result: NOTE
installed size is 47.7Mb
sub-directories of 1Mb or more:
libs 46.9Mb
Flavors: r-oldrel-macos-arm64, r-oldrel-macos-x86_64, r-oldrel-windows-x86_64