Last updated on 2025-02-07 08:51:35 CET.
Flavor | Version | Tinstall | Tcheck | Ttotal | Status | Flags |
---|---|---|---|---|---|---|
r-devel-linux-x86_64-debian-clang | 0.01 | 1.72 | 11.98 | 13.70 | NOTE | |
r-devel-linux-x86_64-debian-gcc | 0.01 | 1.33 | 10.31 | 11.64 | NOTE | |
r-devel-linux-x86_64-fedora-clang | 0.01 | 21.55 | NOTE | |||
r-devel-linux-x86_64-fedora-gcc | 0.01 | 19.82 | NOTE | |||
r-devel-windows-x86_64 | 0.01 | 2.00 | 24.00 | 26.00 | NOTE | |
r-patched-linux-x86_64 | 0.01 | 1.41 | 11.49 | 12.90 | NOTE | |
r-release-linux-x86_64 | 0.01 | 1.42 | 11.72 | 13.14 | NOTE | |
r-release-macos-arm64 | 0.01 | 11.00 | NOTE | |||
r-release-macos-x86_64 | 0.01 | 15.00 | NOTE | |||
r-release-windows-x86_64 | 0.01 | 2.00 | 23.00 | 25.00 | NOTE | |
r-oldrel-macos-arm64 | 0.01 | 11.00 | NOTE | |||
r-oldrel-macos-x86_64 | 0.01 | 15.00 | NOTE | |||
r-oldrel-windows-x86_64 | 0.01 | 2.00 | 23.00 | 25.00 | NOTE |
Version: 0.01
Check: DESCRIPTION meta-information
Result: NOTE
Malformed Title field: should not end in a period.
Malformed Description field: should contain one or more complete sentences.
Flavors: r-devel-linux-x86_64-debian-clang, r-devel-linux-x86_64-debian-gcc, r-devel-linux-x86_64-fedora-clang, r-devel-linux-x86_64-fedora-gcc, r-devel-windows-x86_64, r-patched-linux-x86_64, r-release-linux-x86_64, r-release-macos-arm64, r-release-macos-x86_64, r-release-windows-x86_64, r-oldrel-macos-arm64, r-oldrel-macos-x86_64, r-oldrel-windows-x86_64