CRAN Package Check Results for Package ShrinkCovMat

Last updated on 2024-12-18 19:49:23 CET.

Flavor Version Tinstall Tcheck Ttotal Status Flags
r-devel-linux-x86_64-debian-clang 1.4.0 19.67 27.84 47.51 NOTE
r-devel-linux-x86_64-debian-gcc 1.4.0 13.68 21.99 35.67 NOTE
r-devel-linux-x86_64-fedora-clang 1.4.0 89.11 NOTE
r-devel-linux-x86_64-fedora-gcc 1.4.0 83.46 NOTE
r-devel-windows-x86_64 1.4.0 22.00 69.00 91.00 NOTE
r-patched-linux-x86_64 1.4.0 19.96 26.94 46.90 NOTE
r-release-linux-x86_64 1.4.0 18.00 26.56 44.56 NOTE
r-release-macos-arm64 1.4.0 28.00 NOTE
r-release-macos-x86_64 1.4.0 49.00 NOTE
r-release-windows-x86_64 1.4.0 23.00 68.00 91.00 NOTE
r-oldrel-macos-arm64 1.4.0 28.00 NOTE
r-oldrel-macos-x86_64 1.4.0 44.00 NOTE
r-oldrel-windows-x86_64 1.4.0 28.00 78.00 106.00 NOTE

Check Details

Version: 1.4.0
Check: C++ specification
Result: NOTE Specified C++11: please drop specification unless essential Flavors: r-devel-linux-x86_64-debian-clang, r-devel-linux-x86_64-debian-gcc, r-devel-linux-x86_64-fedora-clang, r-devel-linux-x86_64-fedora-gcc, r-devel-windows-x86_64, r-patched-linux-x86_64, r-release-linux-x86_64, r-release-macos-arm64, r-release-macos-x86_64, r-release-windows-x86_64, r-oldrel-macos-arm64, r-oldrel-macos-x86_64, r-oldrel-windows-x86_64