Last updated on 2025-02-11 19:49:06 CET.
Flavor | Version | Tinstall | Tcheck | Ttotal | Status | Flags |
---|---|---|---|---|---|---|
r-devel-linux-x86_64-debian-clang | 1.14.0 | 63.01 | 341.43 | 404.44 | OK | |
r-devel-linux-x86_64-debian-gcc | 1.14.0 | 44.04 | 241.28 | 285.32 | OK | |
r-devel-linux-x86_64-fedora-clang | 1.14.0 | 705.23 | OK | |||
r-devel-linux-x86_64-fedora-gcc | 1.14.0 | 648.99 | NOTE | |||
r-devel-windows-x86_64 | 1.14.0 | 67.00 | 333.00 | 400.00 | OK | |
r-patched-linux-x86_64 | 1.14.0 | 63.82 | 312.65 | 376.47 | OK | |
r-release-linux-x86_64 | 1.14.0 | 61.18 | 315.11 | 376.29 | OK | |
r-release-macos-arm64 | 1.14.0 | 171.00 | NOTE | |||
r-release-macos-x86_64 | 1.14.0 | 496.00 | NOTE | |||
r-release-windows-x86_64 | 1.14.0 | 72.00 | 484.00 | 556.00 | OK | |
r-oldrel-macos-arm64 | 1.14.0 | 175.00 | NOTE | |||
r-oldrel-macos-x86_64 | 1.14.0 | 330.00 | NOTE | |||
r-oldrel-windows-x86_64 | 1.14.0 | 87.00 | 453.00 | 540.00 | OK |
Version: 1.14.0
Check: HTML version of manual
Result: NOTE
Skipping checking math rendering: package 'V8' unavailable
Flavor: r-devel-linux-x86_64-fedora-gcc
Version: 1.14.0
Check: installed package size
Result: NOTE
installed size is 5.1Mb
sub-directories of 1Mb or more:
R 2.1Mb
libs 1.9Mb
Flavors: r-release-macos-arm64, r-release-macos-x86_64, r-oldrel-macos-arm64, r-oldrel-macos-x86_64
Version: 1.14.0
Check: package dependencies
Result: NOTE
Packages suggested but not available for checking:
'chromVAR', 'TFBSTools', 'motifmatchr'
Flavors: r-oldrel-macos-arm64, r-oldrel-macos-x86_64
Version: 1.14.0
Check: Rd cross-references
Result: NOTE
Packages unavailable to check Rd xrefs: ‘motifmatchr’, ‘TFBSTools’, ‘chromVAR’
Flavors: r-oldrel-macos-arm64, r-oldrel-macos-x86_64