Last updated on 2025-02-07 08:51:35 CET.
Flavor | Version | Tinstall | Tcheck | Ttotal | Status | Flags |
---|---|---|---|---|---|---|
r-devel-linux-x86_64-debian-clang | 2.1.0 | 1.74 | 18.40 | 20.14 | NOTE | |
r-devel-linux-x86_64-debian-gcc | 2.1.0 | 1.43 | 14.48 | 15.91 | NOTE | |
r-devel-linux-x86_64-fedora-clang | 2.1.0 | 33.39 | NOTE | |||
r-devel-linux-x86_64-fedora-gcc | 2.1.0 | 30.68 | NOTE | |||
r-devel-windows-x86_64 | 2.1.0 | 3.00 | 45.00 | 48.00 | NOTE | |
r-patched-linux-x86_64 | 2.1.0 | 1.72 | 17.70 | 19.42 | NOTE | |
r-release-linux-x86_64 | 2.1.0 | 1.70 | 17.58 | 19.28 | NOTE | |
r-release-macos-arm64 | 2.1.0 | 12.00 | NOTE | |||
r-release-macos-x86_64 | 2.1.0 | 21.00 | NOTE | |||
r-release-windows-x86_64 | 2.1.0 | 3.00 | 37.00 | 40.00 | NOTE | |
r-oldrel-macos-arm64 | 2.1.0 | 15.00 | NOTE | |||
r-oldrel-macos-x86_64 | 2.1.0 | 20.00 | NOTE | |||
r-oldrel-windows-x86_64 | 2.1.0 | 4.00 | 37.00 | 41.00 | NOTE |
Version: 2.1.0
Check: Rd files
Result: NOTE
checkRd: (-1) SnakesAndLaddersGame.Rd:25: Lost braces; missing escapes or markup?
25 | {Hector Haffenden} {haffendenh@cardiff.ac.uk}
| ^
Flavors: r-devel-linux-x86_64-debian-clang, r-devel-linux-x86_64-debian-gcc, r-devel-linux-x86_64-fedora-clang, r-devel-linux-x86_64-fedora-gcc, r-devel-windows-x86_64, r-patched-linux-x86_64, r-release-linux-x86_64, r-release-macos-arm64, r-release-macos-x86_64, r-release-windows-x86_64
Version: 2.1.0
Check: LazyData
Result: NOTE
'LazyData' is specified without a 'data' directory
Flavors: r-patched-linux-x86_64, r-release-linux-x86_64, r-release-macos-arm64, r-release-macos-x86_64, r-release-windows-x86_64, r-oldrel-macos-arm64, r-oldrel-macos-x86_64, r-oldrel-windows-x86_64