CRAN Package Check Results for Package SpectralMap

Last updated on 2025-02-11 19:49:07 CET.

Flavor Version Tinstall Tcheck Ttotal Status Flags
r-devel-linux-x86_64-debian-clang 1.0 4.02 36.50 40.52 OK
r-devel-linux-x86_64-debian-gcc 1.0 3.22 26.94 30.16 OK
r-devel-linux-x86_64-fedora-clang 1.0 69.69 OK
r-devel-linux-x86_64-fedora-gcc 1.0 61.48 OK
r-devel-windows-x86_64 1.0 5.00 51.00 56.00 OK
r-patched-linux-x86_64 1.0 4.47 34.00 38.47 NOTE
r-release-linux-x86_64 1.0 3.65 33.94 37.59 NOTE
r-release-macos-arm64 1.0 23.00 NOTE
r-release-macos-x86_64 1.0 31.00 NOTE
r-release-windows-x86_64 1.0 6.00 52.00 58.00 NOTE
r-oldrel-macos-arm64 1.0 28.00 NOTE
r-oldrel-macos-x86_64 1.0 43.00 NOTE
r-oldrel-windows-x86_64 1.0 6.00 62.00 68.00 NOTE

Check Details

Version: 1.0
Check: LazyData
Result: NOTE 'LazyData' is specified without a 'data' directory Flavors: r-patched-linux-x86_64, r-release-linux-x86_64, r-release-macos-arm64, r-release-macos-x86_64, r-release-windows-x86_64, r-oldrel-macos-arm64, r-oldrel-macos-x86_64, r-oldrel-windows-x86_64