CRAN Package Check Results for Package SplitReg

Last updated on 2024-12-18 19:49:24 CET.

Flavor Version Tinstall Tcheck Ttotal Status Flags
r-devel-linux-x86_64-debian-clang 1.0.2 29.62 31.03 60.65 OK
r-devel-linux-x86_64-debian-gcc 1.0.2 21.50 24.71 46.21 OK
r-devel-linux-x86_64-fedora-clang 1.0.2 110.82 OK
r-devel-linux-x86_64-fedora-gcc 1.0.2 112.44 OK
r-devel-windows-x86_64 1.0.2 38.00 68.00 106.00 NOTE
r-patched-linux-x86_64 1.0.2 28.31 30.17 58.48 OK
r-release-linux-x86_64 1.0.2 25.60 29.91 55.51 OK
r-release-macos-arm64 1.0.2 37.00 OK
r-release-macos-x86_64 1.0.2 54.00 OK
r-release-windows-x86_64 1.0.2 37.00 70.00 107.00 NOTE
r-oldrel-macos-arm64 1.0.2 39.00 OK
r-oldrel-macos-x86_64 1.0.2 62.00 OK
r-oldrel-windows-x86_64 1.0.2 45.00 81.00 126.00 NOTE

Check Details

Version: 1.0.2
Check: C++ specification
Result: NOTE Specified C++11: please drop specification unless essential Flavors: r-devel-windows-x86_64, r-release-windows-x86_64, r-oldrel-windows-x86_64