Last updated on 2025-02-07 08:51:36 CET.
Flavor | Version | Tinstall | Tcheck | Ttotal | Status | Flags |
---|---|---|---|---|---|---|
r-devel-linux-x86_64-debian-clang | 1.5.0 | 16.34 | 216.11 | 232.45 | OK | |
r-devel-linux-x86_64-debian-gcc | 1.5.0 | 9.05 | 161.73 | 170.78 | OK | |
r-devel-linux-x86_64-fedora-clang | 1.5.0 | 382.03 | OK | |||
r-devel-linux-x86_64-fedora-gcc | 1.5.0 | 345.59 | OK | |||
r-devel-windows-x86_64 | 1.5.0 | 15.00 | 388.00 | 403.00 | OK | |
r-patched-linux-x86_64 | 1.5.0 | 15.14 | 198.69 | 213.83 | OK | |
r-release-linux-x86_64 | 1.5.0 | 14.18 | 199.43 | 213.61 | OK | |
r-release-macos-arm64 | 1.5.0 | 257.00 | OK | |||
r-release-macos-x86_64 | 1.5.0 | 324.00 | OK | |||
r-release-windows-x86_64 | 1.5.0 | 18.00 | 246.00 | 264.00 | OK | |
r-oldrel-macos-arm64 | 1.5.0 | 256.00 | OK | |||
r-oldrel-macos-x86_64 | 1.5.0 | 318.00 | OK | |||
r-oldrel-windows-x86_64 | 1.5.0 | 20.00 | 421.00 | 441.00 | ERROR |
Version: 1.5.0
Check: examples
Result: ERROR
Running examples in 'SticsRFiles-Ex.R' failed
The error most likely occurred in:
> ### Name: download_data
> ### Title: Download example USMs
> ### Aliases: download_data
>
> ### ** Examples
>
>
> # Getting data for a given example : study_case_1 and a given STICS version
> download_data(example_dirs = "study_case_1", stics_version = "V9.0")
trying URL 'https://github.com/SticsRPacks/data/archive/master.zip'
Warning in utils::download.file("https://github.com/SticsRPacks/data/archive/master.zip", :
URL 'https://github.com/SticsRPacks/data/archive/master.zip': status was 'SSL connect error'
Error in utils::download.file("https://github.com/SticsRPacks/data/archive/master.zip", :
cannot open URL 'https://github.com/SticsRPacks/data/archive/master.zip'
Calls: download_data -> <Anonymous>
Execution halted
Flavor: r-oldrel-windows-x86_64
Version: 1.5.0
Check: tests
Result: ERROR
Running 'spelling.R' [0s]
Running 'testthat.R' [104s]
Running the tests in 'tests/testthat.R' failed.
Complete output:
> library(testthat)
> library(SticsRFiles)
Learn SticsRFiles at: https://SticsRPacks.github.io/SticsRFiles
>
> test_check("SticsRFiles")
trying URL 'https://github.com/SticsRPacks/data/archive/master.zip'
trying URL 'https://github.com/SticsRPacks/data/archive/master.zip'
trying URL 'https://github.com/SticsRPacks/data/archive/master.zip'
[ FAIL 3 | WARN 0 | SKIP 0 | PASS 323 ]
══ Failed tests ════════════════════════════════════════════════════════════════
── Error ('test-get_obs.R:111:1'): (code run outside of `test_that()`) ─────────
Error in `utils::download.file("https://github.com/SticsRPacks/data/archive/master.zip",
data_dir_zip)`: cannot open URL 'https://github.com/SticsRPacks/data/archive/master.zip'
Backtrace:
▆
1. └─SticsRFiles::download_data(...) at test-get_obs.R:111:1
2. └─utils::download.file(...)
── Error ('test-get_sim.R:137:1'): (code run outside of `test_that()`) ─────────
Error in `utils::download.file("https://github.com/SticsRPacks/data/archive/master.zip",
data_dir_zip)`: cannot open URL 'https://github.com/SticsRPacks/data/archive/master.zip'
Backtrace:
▆
1. └─SticsRFiles::download_data(...) at test-get_sim.R:137:1
2. └─utils::download.file(...)
── Error ('test-get_usms_files.R:10:3'): (code run outside of `test_that()`) ───
Error in `utils::download.file("https://github.com/SticsRPacks/data/archive/master.zip",
data_dir_zip)`: cannot open URL 'https://github.com/SticsRPacks/data/archive/master.zip'
Backtrace:
▆
1. └─SticsRFiles::download_data(example_dirs = "study_case_1", stics_version = stics_version) at test-get_usms_files.R:10:3
2. └─utils::download.file(...)
[ FAIL 3 | WARN 0 | SKIP 0 | PASS 323 ]
Error: Test failures
Execution halted
Flavor: r-oldrel-windows-x86_64
Version: 1.5.0
Check: re-building of vignette outputs
Result: ERROR
Error(s) in re-building vignettes:
--- re-building 'Generating_Stics_XML_files.Rmd' using rmarkdown
--- finished re-building 'Generating_Stics_XML_files.Rmd'
--- re-building 'Generating_Stics_text_files.Rmd' using rmarkdown
--- finished re-building 'Generating_Stics_text_files.Rmd'
--- re-building 'Manipulating_Stics_XML_files.Rmd' using rmarkdown
--- finished re-building 'Manipulating_Stics_XML_files.Rmd'
--- re-building 'Manipulating_Stics_text_files.Rmd' using rmarkdown
--- finished re-building 'Manipulating_Stics_text_files.Rmd'
--- re-building 'SticsRFiles.Rmd' using rmarkdown
trying URL 'https://github.com/SticsRPacks/data/archive/master.zip'
Quitting from lines 88-91 [unnamed-chunk-4] (SticsRFiles.Rmd)
Error: processing vignette 'SticsRFiles.Rmd' failed with diagnostics:
cannot open URL 'https://github.com/SticsRPacks/data/archive/master.zip'
--- failed re-building 'SticsRFiles.Rmd'
--- re-building 'Upgrading_STICS_XML_files.Rmd' using rmarkdown
--- finished re-building 'Upgrading_STICS_XML_files.Rmd'
SUMMARY: processing the following file failed:
'SticsRFiles.Rmd'
Error: Vignette re-building failed.
Execution halted
Flavor: r-oldrel-windows-x86_64