CRAN Package Check Results for Package StratifiedRF

Last updated on 2024-12-18 19:49:25 CET.

Flavor Version Tinstall Tcheck Ttotal Status Flags
r-devel-linux-x86_64-debian-clang 0.2.2 9.92 70.50 80.42 OK
r-devel-linux-x86_64-debian-gcc 0.2.2 7.54 50.59 58.13 OK
r-devel-linux-x86_64-fedora-clang 0.2.2 126.23 OK
r-devel-linux-x86_64-fedora-gcc 0.2.2 118.18 OK
r-devel-windows-x86_64 0.2.2 10.00 79.00 89.00 OK
r-patched-linux-x86_64 0.2.2 8.19 66.25 74.44 NOTE
r-release-linux-x86_64 0.2.2 7.49 65.55 73.04 NOTE
r-release-macos-arm64 0.2.2 36.00 NOTE
r-release-macos-x86_64 0.2.2 53.00 NOTE
r-release-windows-x86_64 0.2.2 11.00 81.00 92.00 NOTE
r-oldrel-macos-arm64 0.2.2 39.00 NOTE
r-oldrel-macos-x86_64 0.2.2 66.00 NOTE
r-oldrel-windows-x86_64 0.2.2 12.00 94.00 106.00 NOTE

Check Details

Version: 0.2.2
Check: LazyData
Result: NOTE 'LazyData' is specified without a 'data' directory Flavors: r-patched-linux-x86_64, r-release-linux-x86_64, r-release-macos-arm64, r-release-macos-x86_64, r-release-windows-x86_64, r-oldrel-macos-arm64, r-oldrel-macos-x86_64, r-oldrel-windows-x86_64