Last updated on 2025-02-07 08:51:38 CET.
Flavor | Version | Tinstall | Tcheck | Ttotal | Status | Flags |
---|---|---|---|---|---|---|
r-devel-linux-x86_64-debian-clang | 3.2.1 | 16.14 | 107.86 | 124.00 | OK | |
r-devel-linux-x86_64-debian-gcc | 3.2.1 | 12.95 | 81.63 | 94.58 | OK | |
r-devel-linux-x86_64-fedora-clang | 3.2.1 | 226.29 | OK | |||
r-devel-linux-x86_64-fedora-gcc | 3.2.1 | 194.66 | OK | |||
r-devel-windows-x86_64 | 3.2.1 | 15.00 | 275.00 | 290.00 | OK | |
r-patched-linux-x86_64 | 3.2.1 | 16.73 | 101.60 | 118.33 | NOTE | |
r-release-linux-x86_64 | 3.2.1 | 16.15 | 101.54 | 117.69 | NOTE | |
r-release-macos-arm64 | 3.2.1 | 84.00 | NOTE | |||
r-release-macos-x86_64 | 3.2.1 | 95.00 | NOTE | |||
r-release-windows-x86_64 | 3.2.1 | 14.00 | 313.00 | 327.00 | NOTE | |
r-oldrel-macos-arm64 | 3.2.1 | 54.00 | NOTE | |||
r-oldrel-macos-x86_64 | 3.2.1 | 94.00 | NOTE | |||
r-oldrel-windows-x86_64 | 3.2.1 | 18.00 | 116.00 | 134.00 | NOTE |
Version: 3.2.1
Check: LazyData
Result: NOTE
'LazyData' is specified without a 'data' directory
Flavors: r-patched-linux-x86_64, r-release-linux-x86_64, r-release-macos-arm64, r-release-macos-x86_64, r-release-windows-x86_64, r-oldrel-macos-arm64, r-oldrel-macos-x86_64, r-oldrel-windows-x86_64