CRAN Package Check Results for Package TestDesign

Last updated on 2024-12-18 19:49:25 CET.

Flavor Version Tinstall Tcheck Ttotal Status Flags
r-devel-linux-x86_64-debian-clang 1.7.0 102.86 358.53 461.39 OK
r-devel-linux-x86_64-debian-gcc 1.7.0 72.16 223.93 296.09 OK
r-devel-linux-x86_64-fedora-clang 1.7.0 923.69 OK
r-devel-linux-x86_64-fedora-gcc 1.7.0 832.34 OK
r-devel-windows-x86_64 1.7.0 110.00 472.00 582.00 OK
r-patched-linux-x86_64 1.7.0 105.97 336.42 442.39 NOTE
r-release-linux-x86_64 1.7.0 101.91 337.20 439.11 NOTE
r-release-macos-arm64 1.7.0 193.00 NOTE
r-release-macos-x86_64 1.7.0 555.00 NOTE
r-release-windows-x86_64 1.7.0 111.00 386.00 497.00 NOTE
r-oldrel-macos-arm64 1.7.0 237.00 NOTE
r-oldrel-macos-x86_64 1.7.0 393.00 NOTE
r-oldrel-windows-x86_64 1.7.0 135.00 534.00 669.00 NOTE

Check Details

Version: 1.7.0
Check: package dependencies
Result: NOTE Package suggested but not available for checking: ‘gurobi’ Flavors: r-patched-linux-x86_64, r-release-linux-x86_64, r-release-macos-arm64, r-release-macos-x86_64, r-release-windows-x86_64, r-oldrel-macos-arm64, r-oldrel-macos-x86_64, r-oldrel-windows-x86_64

Version: 1.7.0
Check: installed package size
Result: NOTE installed size is 9.1Mb sub-directories of 1Mb or more: libs 6.5Mb Flavors: r-release-macos-arm64, r-release-macos-x86_64, r-oldrel-macos-arm64, r-oldrel-macos-x86_64