Last updated on 2024-12-18 19:49:26 CET.
Flavor | Version | Tinstall | Tcheck | Ttotal | Status | Flags |
---|---|---|---|---|---|---|
r-devel-linux-x86_64-debian-clang | 1.1.1 | 14.79 | 153.09 | 167.88 | NOTE | |
r-devel-linux-x86_64-debian-gcc | 1.1.1 | 9.40 | 104.76 | 114.16 | NOTE | |
r-devel-linux-x86_64-fedora-clang | 1.1.1 | 269.59 | NOTE | |||
r-devel-linux-x86_64-fedora-gcc | 1.1.1 | 267.67 | NOTE | |||
r-devel-windows-x86_64 | 1.1.1 | 16.00 | 184.00 | 200.00 | NOTE | |
r-patched-linux-x86_64 | 1.1.1 | 17.67 | 147.35 | 165.02 | NOTE | |
r-release-linux-x86_64 | 1.1.1 | 12.37 | 144.20 | 156.57 | NOTE | |
r-release-macos-arm64 | 1.1.1 | 68.00 | NOTE | |||
r-release-macos-x86_64 | 1.1.1 | 106.00 | NOTE | |||
r-release-windows-x86_64 | 1.1.1 | 16.00 | 178.00 | 194.00 | NOTE | |
r-oldrel-macos-arm64 | 1.1.1 | 89.00 | OK | |||
r-oldrel-macos-x86_64 | 1.1.1 | 143.00 | OK | |||
r-oldrel-windows-x86_64 | 1.1.1 | 18.00 | 223.00 | 241.00 | OK |
Version: 1.1.1
Check: Rd files
Result: NOTE
checkRd: (-1) DRYAIR.Rd:18: Lost braces in \itemize; \value handles \item{}{} directly
checkRd: (-1) DRYAIR.Rd:19: Lost braces in \itemize; \value handles \item{}{} directly
checkRd: (-1) DRYAIR.Rd:20: Lost braces in \itemize; \value handles \item{}{} directly
checkRd: (-1) DRYAIR.Rd:21: Lost braces in \itemize; \value handles \item{}{} directly
checkRd: (-1) DRYAIR.Rd:22: Lost braces in \itemize; \value handles \item{}{} directly
checkRd: (-1) DRYAIR.Rd:23: Lost braces in \itemize; \value handles \item{}{} directly
checkRd: (-1) DRYAIR.Rd:24: Lost braces in \itemize; \value handles \item{}{} directly
checkRd: (-1) DRYAIR.Rd:25: Lost braces in \itemize; \value handles \item{}{} directly
checkRd: (-1) DRYAIR.Rd:26: Lost braces in \itemize; \value handles \item{}{} directly
checkRd: (-1) DRYAIR.Rd:27: Lost braces in \itemize; \value handles \item{}{} directly
checkRd: (-1) DRYAIR.Rd:28: Lost braces in \itemize; \value handles \item{}{} directly
checkRd: (-1) WETAIR.Rd:41: Lost braces in \itemize; meant \describe ?
checkRd: (-1) WETAIR.Rd:42: Lost braces in \itemize; meant \describe ?
checkRd: (-1) WETAIR.Rd:22: Lost braces in \itemize; \value handles \item{}{} directly
checkRd: (-1) WETAIR.Rd:23: Lost braces in \itemize; \value handles \item{}{} directly
checkRd: (-1) WETAIR.Rd:24: Lost braces in \itemize; \value handles \item{}{} directly
checkRd: (-1) WETAIR.Rd:25: Lost braces in \itemize; \value handles \item{}{} directly
checkRd: (-1) WETAIR.Rd:26: Lost braces in \itemize; \value handles \item{}{} directly
checkRd: (-1) WETAIR.Rd:27: Lost braces in \itemize; \value handles \item{}{} directly
checkRd: (-1) WETAIR.Rd:28: Lost braces in \itemize; \value handles \item{}{} directly
checkRd: (-1) WETAIR.Rd:29: Lost braces in \itemize; \value handles \item{}{} directly
checkRd: (-1) WETAIR.Rd:30: Lost braces in \itemize; \value handles \item{}{} directly
checkRd: (-1) diurnal_temp_variation_sineexp.Rd:41: Lost braces in \itemize; meant \describe ?
checkRd: (-1) diurnal_temp_variation_sineexp.Rd:42: Lost braces in \itemize; meant \describe ?
checkRd: (-1) diurnal_temp_variation_sineexp.Rd:43: Lost braces in \itemize; meant \describe ?
checkRd: (-1) diurnal_temp_variation_sineexp.Rd:44: Lost braces in \itemize; meant \describe ?
Flavors: r-devel-linux-x86_64-debian-clang, r-devel-linux-x86_64-debian-gcc, r-devel-linux-x86_64-fedora-clang, r-devel-linux-x86_64-fedora-gcc, r-devel-windows-x86_64, r-patched-linux-x86_64, r-release-linux-x86_64, r-release-macos-arm64, r-release-macos-x86_64, r-release-windows-x86_64