Last updated on 2025-02-12 08:49:08 CET.
Flavor | Version | Tinstall | Tcheck | Ttotal | Status | Flags |
---|---|---|---|---|---|---|
r-devel-linux-x86_64-debian-clang | 0.1.1 | 5.67 | 34.48 | 40.15 | NOTE | |
r-devel-linux-x86_64-debian-gcc | 0.1.1 | 3.84 | 25.82 | 29.66 | NOTE | |
r-devel-linux-x86_64-fedora-clang | 0.1.1 | 66.84 | OK | |||
r-devel-linux-x86_64-fedora-gcc | 0.1.1 | 61.74 | OK | |||
r-devel-windows-x86_64 | 0.1.1 | 7.00 | 52.00 | 59.00 | NOTE | |
r-patched-linux-x86_64 | 0.1.1 | 8.37 | 32.08 | 40.45 | OK | |
r-release-linux-x86_64 | 0.1.1 | 5.34 | 32.08 | 37.42 | OK | |
r-release-macos-arm64 | 0.1.1 | 24.00 | OK | |||
r-release-macos-x86_64 | 0.1.1 | 55.00 | NOTE | |||
r-release-windows-x86_64 | 0.1.1 | 8.00 | 57.00 | 65.00 | OK | |
r-oldrel-macos-arm64 | 0.1.1 | 29.00 | OK | |||
r-oldrel-macos-x86_64 | 0.1.1 | 56.00 | OK | |||
r-oldrel-windows-x86_64 | 0.1.1 | 8.00 | 64.00 | 72.00 | OK |
Version: 0.1.1
Check: Rd cross-references
Result: NOTE
Found the following Rd file(s) with Rd \link{} targets missing package
anchors:
AdbiConnection-class.Rd: DBIConnection-class, DBIDriver-class
AdbiDriver-class.Rd: dbConnect, DBIDriver-class, DBIConnection-class
AdbiResult-class.Rd: DBIResult-class, DBIObject-class,
DBIDriver-class, DBIConnection-class
AdbiResultArrow-class.Rd: DBIResultArrow-class, DBIResult-class,
DBIObject-class, DBIDriver-class, DBIConnection-class
dbConnect.Rd: DBIDriver-class, DBIConnection-class, dbConnect,
dbDisconnect
dbFetch.Rd: dbFetch, DBIResult-class
dbSendQuery.Rd: dbSendQuery, dbGetQuery, DBIConnection-class, dbBind,
DBIResult-class
Please provide package anchors for all Rd \link{} targets not in the
package itself and the base packages.
Flavors: r-devel-linux-x86_64-debian-clang, r-devel-linux-x86_64-debian-gcc, r-devel-windows-x86_64
Version: 0.1.1
Check: package dependencies
Result: NOTE
Packages suggested but not available for checking: 'adbcsqlite', 'arrow'
Flavor: r-release-macos-x86_64