Last updated on 2025-05-18 19:50:14 CEST.
Flavor | Version | Tinstall | Tcheck | Ttotal | Status | Flags |
---|---|---|---|---|---|---|
r-devel-linux-x86_64-debian-clang | 0.5.0 | 10.05 | 71.56 | 81.61 | NOTE | |
r-devel-linux-x86_64-debian-gcc | 0.5.0 | 5.39 | 50.01 | 55.40 | NOTE | |
r-devel-linux-x86_64-fedora-clang | 0.5.0 | 128.44 | NOTE | |||
r-devel-linux-x86_64-fedora-gcc | 0.5.0 | 134.76 | NOTE | |||
r-devel-windows-x86_64 | 0.5.0 | 15.00 | 93.00 | 108.00 | NOTE | |
r-patched-linux-x86_64 | 0.5.0 | 10.48 | 66.27 | 76.75 | NOTE | |
r-release-linux-x86_64 | 0.5.0 | 8.73 | 66.41 | 75.14 | NOTE | |
r-release-macos-arm64 | 0.5.0 | 46.00 | NOTE | |||
r-release-macos-x86_64 | 0.5.0 | 88.00 | NOTE | |||
r-release-windows-x86_64 | 0.5.0 | 12.00 | 101.00 | 113.00 | NOTE | |
r-oldrel-macos-arm64 | 0.5.0 | 50.00 | OK | |||
r-oldrel-macos-x86_64 | 0.5.0 | 132.00 | OK | |||
r-oldrel-windows-x86_64 | 0.5.0 | 15.00 | 110.00 | 125.00 | OK |
Version: 0.5.0
Check: DESCRIPTION meta-information
Result: NOTE
Missing dependency on R >= 4.1.0 because package code uses the pipe
|> or function shorthand \(...) syntax added in R 4.1.0.
File(s) using such syntax:
‘cm_formula.R’ ‘tag_add.R’
Flavors: r-devel-linux-x86_64-debian-clang, r-devel-linux-x86_64-debian-gcc, r-devel-linux-x86_64-fedora-clang, r-devel-linux-x86_64-fedora-gcc, r-devel-windows-x86_64, r-patched-linux-x86_64, r-release-linux-x86_64, r-release-macos-arm64, r-release-macos-x86_64, r-release-windows-x86_64