Last updated on 2025-05-18 08:50:10 CEST.
Flavor | Version | Tinstall | Tcheck | Ttotal | Status | Flags |
---|---|---|---|---|---|---|
r-devel-linux-x86_64-debian-clang | 4.3.2.3 | 101.33 | 105.88 | 207.21 | OK | |
r-devel-linux-x86_64-debian-gcc | 4.3.2.3 | 41.00 | 77.59 | 118.59 | OK | |
r-devel-linux-x86_64-fedora-clang | 4.3.2.3 | 271.43 | OK | |||
r-devel-linux-x86_64-fedora-gcc | 4.3.2.3 | 277.95 | OK | |||
r-devel-windows-x86_64 | 4.3.2.3 | 54.00 | 135.00 | 189.00 | OK | |
r-patched-linux-x86_64 | 4.3.2.3 | 54.38 | 103.58 | 157.96 | OK | |
r-release-linux-x86_64 | 4.3.2.3 | 58.76 | 103.03 | 161.79 | OK | |
r-release-macos-arm64 | 4.3.2.3 | 74.00 | OK | |||
r-release-macos-x86_64 | 4.3.2.3 | 128.00 | OK | |||
r-release-windows-x86_64 | 4.3.2.3 | 53.00 | 141.00 | 194.00 | OK | |
r-oldrel-macos-arm64 | 4.3.2.3 | 74.00 | NOTE | |||
r-oldrel-macos-x86_64 | 4.3.2.3 | 111.00 | NOTE | |||
r-oldrel-windows-x86_64 | 4.3.2.3 | 74.00 | 173.00 | 247.00 | OK |
Version: 4.3.2.3
Check: installed package size
Result: NOTE
installed size is 6.9Mb
sub-directories of 1Mb or more:
libs 6.8Mb
Flavors: r-oldrel-macos-arm64, r-oldrel-macos-x86_64