Last updated on 2025-02-07 08:51:04 CET.
Flavor | Version | Tinstall | Tcheck | Ttotal | Status | Flags |
---|---|---|---|---|---|---|
r-devel-linux-x86_64-debian-clang | 0.1.0 | 13.20 | 98.10 | 111.30 | NOTE | |
r-devel-linux-x86_64-debian-gcc | 0.1.0 | 10.75 | 69.58 | 80.33 | NOTE | |
r-devel-linux-x86_64-fedora-clang | 0.1.0 | 175.40 | NOTE | |||
r-devel-linux-x86_64-fedora-gcc | 0.1.0 | 184.66 | NOTE | |||
r-devel-windows-x86_64 | 0.1.0 | 15.00 | 103.00 | 118.00 | NOTE | |
r-patched-linux-x86_64 | 0.1.0 | 12.55 | 90.67 | 103.22 | NOTE | |
r-release-linux-x86_64 | 0.1.0 | 12.51 | 89.88 | 102.39 | NOTE | |
r-release-macos-arm64 | 0.1.0 | 53.00 | NOTE | |||
r-release-macos-x86_64 | 0.1.0 | 77.00 | NOTE | |||
r-release-windows-x86_64 | 0.1.0 | 15.00 | 101.00 | 116.00 | NOTE | |
r-oldrel-macos-arm64 | 0.1.0 | 35.00 | OK | |||
r-oldrel-macos-x86_64 | 0.1.0 | 86.00 | OK | |||
r-oldrel-windows-x86_64 | 0.1.0 | 18.00 | 127.00 | 145.00 | OK |
Version: 0.1.0
Check: Rd files
Result: NOTE
checkRd: (-1) compare_cohorts.Rd:35: Lost braces in \itemize; meant \describe ?
checkRd: (-1) compare_cohorts.Rd:36: Lost braces in \itemize; meant \describe ?
Flavors: r-devel-linux-x86_64-debian-clang, r-devel-linux-x86_64-debian-gcc, r-devel-linux-x86_64-fedora-clang, r-devel-linux-x86_64-fedora-gcc, r-devel-windows-x86_64, r-patched-linux-x86_64, r-release-linux-x86_64, r-release-macos-arm64, r-release-macos-x86_64, r-release-windows-x86_64