Last updated on 2025-02-24 19:50:27 CET.
Flavor | Version | Tinstall | Tcheck | Ttotal | Status | Flags |
---|---|---|---|---|---|---|
r-devel-linux-x86_64-debian-clang | 1.0.2 | 16.85 | 42.88 | 59.73 | NOTE | |
r-devel-linux-x86_64-debian-gcc | 1.0.2 | 11.45 | 32.45 | 43.90 | NOTE | |
r-devel-linux-x86_64-fedora-clang | 1.0.2 | 110.28 | WARN | |||
r-devel-linux-x86_64-fedora-gcc | 1.0.2 | 95.86 | NOTE | |||
r-devel-macos-arm64 | 1.0.2 | 34.00 | NOTE | |||
r-devel-macos-x86_64 | 1.0.2 | 59.00 | NOTE | |||
r-devel-windows-x86_64 | 1.0.2 | 20.00 | 92.00 | 112.00 | NOTE | |
r-patched-linux-x86_64 | 1.0.2 | 16.02 | 41.34 | 57.36 | NOTE | |
r-release-linux-x86_64 | 1.0.2 | 15.17 | 41.88 | 57.05 | NOTE | |
r-release-macos-arm64 | 1.0.2 | 39.00 | NOTE | |||
r-release-macos-x86_64 | 1.0.2 | 48.00 | NOTE | |||
r-release-windows-x86_64 | 1.0.2 | 21.00 | 81.00 | 102.00 | NOTE | |
r-oldrel-macos-arm64 | 1.0.2 | 39.00 | NOTE | |||
r-oldrel-macos-x86_64 | 1.0.2 | 58.00 | NOTE | |||
r-oldrel-windows-x86_64 | 1.0.2 | 19.00 | 91.00 | 110.00 | NOTE |
Version: 1.0.2
Check: C++ specification
Result: NOTE
Specified C++11: please drop specification unless essential
Flavors: r-devel-linux-x86_64-debian-clang, r-devel-linux-x86_64-debian-gcc, r-devel-linux-x86_64-fedora-clang, r-devel-linux-x86_64-fedora-gcc, r-devel-macos-arm64, r-devel-macos-x86_64, r-devel-windows-x86_64, r-patched-linux-x86_64, r-release-linux-x86_64, r-release-macos-arm64, r-release-macos-x86_64, r-release-windows-x86_64, r-oldrel-macos-arm64, r-oldrel-macos-x86_64, r-oldrel-windows-x86_64
Version: 1.0.2
Check: whether package can be installed
Result: WARN
Found the following significant warnings:
/data/gannet/ripley/R/test-clang/cpp11/include/cpp11/R.hpp:52:31: warning: identifier '_xl' preceded by whitespace in a literal operator declaration is deprecated [-Wdeprecated-literal-operator]
/data/gannet/ripley/R/test-clang/cpp11/include/cpp11/named_arg.hpp:42:29: warning: identifier '_nm' preceded by whitespace in a literal operator declaration is deprecated [-Wdeprecated-literal-operator]
See ‘/data/gannet/ripley/R/packages/tests-clang/ambient.Rcheck/00install.out’ for details.
* used C++ compiler: ‘clang version 20.1.0-rc2’
Flavor: r-devel-linux-x86_64-fedora-clang