Last updated on 2025-02-24 19:50:27 CET.
Flavor | Version | Tinstall | Tcheck | Ttotal | Status | Flags |
---|---|---|---|---|---|---|
r-devel-linux-x86_64-debian-clang | 0.3.9.4 | 5.10 | 38.11 | 43.21 | NOTE | |
r-devel-linux-x86_64-debian-gcc | 0.3.9.4 | 3.45 | 30.39 | 33.84 | NOTE | |
r-devel-linux-x86_64-fedora-clang | 0.3.9.4 | 67.92 | ERROR | |||
r-devel-linux-x86_64-fedora-gcc | 0.3.9.4 | 85.47 | ERROR | |||
r-devel-macos-arm64 | 0.3.9.4 | 37.00 | NOTE | |||
r-devel-macos-x86_64 | 0.3.9.4 | 56.00 | NOTE | |||
r-devel-windows-x86_64 | 0.3.9.4 | 7.00 | 63.00 | 70.00 | NOTE | |
r-patched-linux-x86_64 | 0.3.9.4 | 5.20 | 36.42 | 41.62 | NOTE | |
r-release-linux-x86_64 | 0.3.9.4 | 4.31 | 36.54 | 40.85 | NOTE | |
r-release-macos-arm64 | 0.3.9.4 | 32.00 | NOTE | |||
r-release-macos-x86_64 | 0.3.9.4 | 45.00 | NOTE | |||
r-release-windows-x86_64 | 0.3.9.4 | 6.00 | 63.00 | 69.00 | NOTE | |
r-oldrel-macos-arm64 | 0.3.9.4 | 36.00 | OK | |||
r-oldrel-macos-x86_64 | 0.3.9.4 | 54.00 | OK | |||
r-oldrel-windows-x86_64 | 0.3.9.4 | 7.00 | 69.00 | 76.00 | OK |
Version: 0.3.9.4
Check: DESCRIPTION meta-information
Result: NOTE
Missing dependency on R >= 4.1.0 because package code uses the pipe
|> or function shorthand \(...) syntax added in R 4.1.0.
File(s) using such syntax:
‘app.R’
Flavors: r-devel-linux-x86_64-debian-clang, r-devel-linux-x86_64-debian-gcc, r-devel-linux-x86_64-fedora-clang, r-devel-linux-x86_64-fedora-gcc, r-devel-macos-x86_64, r-devel-windows-x86_64
Version: 0.3.9.4
Check: Rd files
Result: NOTE
checkRd: (-1) animate.Rd:625-627: Lost braces
625 | group = function(...) {
| ^
Flavors: r-devel-linux-x86_64-debian-clang, r-devel-linux-x86_64-debian-gcc, r-devel-linux-x86_64-fedora-clang, r-devel-linux-x86_64-fedora-gcc, r-devel-macos-arm64, r-devel-macos-x86_64, r-devel-windows-x86_64, r-patched-linux-x86_64, r-release-linux-x86_64, r-release-macos-arm64, r-release-macos-x86_64, r-release-windows-x86_64
Version: 0.3.9.4
Check: re-building of vignette outputs
Result: ERROR
Error(s) in re-building vignettes:
--- re-building ‘introduction.Rmd’ using rmarkdown
Quitting from lines 391-407 [unnamed-chunk-21] (introduction.Rmd)
Error: processing vignette 'introduction.Rmd' failed with diagnostics:
NA in coercion to Rboolean
--- failed re-building ‘introduction.Rmd’
--- re-building ‘troubleshooting.Rmd’ using rmarkdown
--- finished re-building ‘troubleshooting.Rmd’
SUMMARY: processing the following file failed:
‘introduction.Rmd’
Error: Vignette re-building failed.
Execution halted
Flavors: r-devel-linux-x86_64-fedora-clang, r-devel-linux-x86_64-fedora-gcc