Last updated on 2025-02-24 19:50:27 CET.
Flavor | Version | Tinstall | Tcheck | Ttotal | Status | Flags |
---|---|---|---|---|---|---|
r-devel-linux-x86_64-debian-clang | 0.2.0 | 4.62 | 18.46 | 23.08 | OK | |
r-devel-linux-x86_64-debian-gcc | 0.2.0 | 3.76 | 15.70 | 19.46 | OK | |
r-devel-linux-x86_64-fedora-clang | 0.2.0 | 44.10 | WARN | |||
r-devel-linux-x86_64-fedora-gcc | 0.2.0 | 38.00 | OK | |||
r-devel-macos-arm64 | 0.2.0 | 18.00 | OK | |||
r-devel-macos-x86_64 | 0.2.0 | 29.00 | OK | |||
r-devel-windows-x86_64 | 0.2.0 | 8.00 | 46.00 | 54.00 | OK | |
r-patched-linux-x86_64 | 0.2.0 | 4.51 | 17.81 | 22.32 | OK | |
r-release-linux-x86_64 | 0.2.0 | 4.46 | 17.91 | 22.37 | OK | |
r-release-macos-arm64 | 0.2.0 | 26.00 | OK | |||
r-release-macos-x86_64 | 0.2.0 | 28.00 | OK | |||
r-release-windows-x86_64 | 0.2.0 | 8.00 | 46.00 | 54.00 | OK | |
r-oldrel-macos-arm64 | 0.2.0 | 36.00 | OK | |||
r-oldrel-macos-x86_64 | 0.2.0 | 42.00 | OK | |||
r-oldrel-windows-x86_64 | 0.2.0 | 8.00 | 49.00 | 57.00 | OK |
Version: 0.2.0
Check: whether package can be installed
Result: WARN
Found the following significant warnings:
/data/gannet/ripley/R/test-clang/cpp11/include/cpp11/R.hpp:52:31: warning: identifier '_xl' preceded by whitespace in a literal operator declaration is deprecated [-Wdeprecated-literal-operator]
/data/gannet/ripley/R/test-clang/cpp11/include/cpp11/named_arg.hpp:42:29: warning: identifier '_nm' preceded by whitespace in a literal operator declaration is deprecated [-Wdeprecated-literal-operator]
See ‘/data/gannet/ripley/R/packages/tests-clang/area.Rcheck/00install.out’ for details.
* used C++ compiler: ‘clang version 20.1.0-rc2’
Flavor: r-devel-linux-x86_64-fedora-clang