CRAN Package Check Results for Package arrApply

Last updated on 2024-12-18 19:49:08 CET.

Flavor Version Tinstall Tcheck Ttotal Status Flags
r-devel-linux-x86_64-debian-clang 2.2 26.28 23.13 49.41 NOTE
r-devel-linux-x86_64-debian-gcc 2.2 19.87 18.13 38.00 NOTE
r-devel-linux-x86_64-fedora-clang 2.2 87.68 NOTE
r-devel-linux-x86_64-fedora-gcc 2.2 93.75 NOTE
r-devel-windows-x86_64 2.2 28.00 62.00 90.00 NOTE
r-patched-linux-x86_64 2.2 25.36 22.18 47.54 NOTE
r-release-linux-x86_64 2.2 26.49 22.31 48.80 NOTE
r-release-macos-arm64 2.2 26.00 NOTE
r-release-macos-x86_64 2.2 37.00 NOTE
r-release-windows-x86_64 2.2 26.00 61.00 87.00 NOTE
r-oldrel-macos-arm64 2.2 29.00 NOTE
r-oldrel-macos-x86_64 2.2 46.00 NOTE
r-oldrel-windows-x86_64 2.2 33.00 69.00 102.00 NOTE

Check Details

Version: 2.2
Check: C++ specification
Result: NOTE Specified C++11: please drop specification unless essential Flavors: r-devel-linux-x86_64-debian-clang, r-devel-linux-x86_64-debian-gcc, r-devel-linux-x86_64-fedora-clang, r-devel-linux-x86_64-fedora-gcc, r-devel-windows-x86_64, r-patched-linux-x86_64, r-release-linux-x86_64, r-release-macos-arm64, r-release-macos-x86_64, r-release-windows-x86_64, r-oldrel-macos-arm64, r-oldrel-macos-x86_64, r-oldrel-windows-x86_64