Last updated on 2025-02-24 19:50:28 CET.
Flavor | Version | Tinstall | Tcheck | Ttotal | Status | Flags |
---|---|---|---|---|---|---|
r-devel-linux-x86_64-debian-clang | 0.1.3 | 22.19 | 62.31 | 84.50 | NOTE | |
r-devel-linux-x86_64-debian-gcc | 0.1.3 | 16.86 | 46.31 | 63.17 | NOTE | |
r-devel-linux-x86_64-fedora-clang | 0.1.3 | 143.63 | NOTE | |||
r-devel-linux-x86_64-fedora-gcc | 0.1.3 | 148.65 | NOTE | |||
r-devel-macos-arm64 | 0.1.3 | 48.00 | NOTE | |||
r-devel-macos-x86_64 | 0.1.3 | 123.00 | NOTE | |||
r-devel-windows-x86_64 | 0.1.3 | 25.00 | 104.00 | 129.00 | NOTE | |
r-patched-linux-x86_64 | 0.1.3 | 22.40 | 57.87 | 80.27 | NOTE | |
r-release-linux-x86_64 | 0.1.3 | 19.01 | 58.34 | 77.35 | NOTE | |
r-release-macos-arm64 | 0.1.3 | 48.00 | NOTE | |||
r-release-macos-x86_64 | 0.1.3 | 65.00 | NOTE | |||
r-release-windows-x86_64 | 0.1.3 | 25.00 | 106.00 | 131.00 | NOTE | |
r-oldrel-macos-arm64 | 0.1.3 | 53.00 | OK | |||
r-oldrel-macos-x86_64 | 0.1.3 | 82.00 | OK | |||
r-oldrel-windows-x86_64 | 0.1.3 | 32.00 | 113.00 | 145.00 | OK |
Version: 0.1.3
Check: Rd files
Result: NOTE
checkRd: (-1) avar_mo_cpp.Rd:15: Lost braces in \itemize; \value handles \item{}{} directly
checkRd: (-1) avar_mo_cpp.Rd:16: Lost braces in \itemize; \value handles \item{}{} directly
checkRd: (-1) avar_mo_cpp.Rd:17: Lost braces in \itemize; \value handles \item{}{} directly
checkRd: (-1) avar_to_cpp.Rd:15: Lost braces in \itemize; \value handles \item{}{} directly
checkRd: (-1) avar_to_cpp.Rd:16: Lost braces in \itemize; \value handles \item{}{} directly
checkRd: (-1) avar_to_cpp.Rd:17: Lost braces in \itemize; \value handles \item{}{} directly
Flavors: r-devel-linux-x86_64-debian-clang, r-devel-linux-x86_64-debian-gcc, r-devel-linux-x86_64-fedora-clang, r-devel-linux-x86_64-fedora-gcc, r-devel-macos-arm64, r-devel-macos-x86_64, r-devel-windows-x86_64, r-patched-linux-x86_64, r-release-linux-x86_64, r-release-macos-arm64, r-release-macos-x86_64, r-release-windows-x86_64