CRAN Package Check Results for Package babynames

Last updated on 2024-12-18 19:49:09 CET.

Flavor Version Tinstall Tcheck Ttotal Status Flags
r-devel-linux-x86_64-debian-clang 1.0.1 37.38 39.19 76.57 OK
r-devel-linux-x86_64-debian-gcc 1.0.1 31.73 30.70 62.43 OK
r-devel-linux-x86_64-fedora-clang 1.0.1 123.77 OK
r-devel-linux-x86_64-fedora-gcc 1.0.1 121.19 OK
r-devel-windows-x86_64 1.0.1 39.00 59.00 98.00 OK
r-patched-linux-x86_64 1.0.1 37.83 38.21 76.04 OK
r-release-linux-x86_64 1.0.1 37.49 38.30 75.79 OK
r-release-macos-arm64 1.0.1 53.00 NOTE
r-release-macos-x86_64 1.0.1 71.00 NOTE
r-release-windows-x86_64 1.0.1 41.00 72.00 113.00 NOTE
r-oldrel-macos-arm64 1.0.1 55.00 NOTE
r-oldrel-macos-x86_64 1.0.1 78.00 NOTE
r-oldrel-windows-x86_64 1.0.1 47.00 64.00 111.00 NOTE

Check Details

Version: 1.0.1
Check: installed package size
Result: NOTE installed size is 6.3Mb sub-directories of 1Mb or more: data 6.2Mb Flavors: r-release-macos-arm64, r-release-macos-x86_64, r-release-windows-x86_64, r-oldrel-macos-arm64, r-oldrel-macos-x86_64, r-oldrel-windows-x86_64