CRAN Package Check Results for Package banditpam

Last updated on 2024-12-18 19:49:09 CET.

Flavor Version Tinstall Tcheck Ttotal Status Flags
r-devel-linux-x86_64-debian-clang 1.0-1 75.01 68.38 143.39 OK
r-devel-linux-x86_64-debian-gcc 1.0-1 56.58 141.66 198.24 OK
r-devel-linux-x86_64-fedora-clang 1.0-1 335.97 OK
r-devel-linux-x86_64-fedora-gcc 1.0-1 338.28 OK
r-devel-windows-x86_64 1.0-1 79.00 124.00 203.00 OK
r-patched-linux-x86_64 1.0-1 76.79 115.83 192.62 OK
r-release-linux-x86_64 1.0-1 73.46 116.59 190.05 OK
r-release-macos-arm64 1.0-1 100.00 NOTE
r-release-macos-x86_64 1.0-1 111.00 NOTE
r-release-windows-x86_64 1.0-1 79.00 118.00 197.00 OK
r-oldrel-macos-arm64 1.0-1 106.00 NOTE
r-oldrel-macos-x86_64 1.0-1 169.00 NOTE
r-oldrel-windows-x86_64 1.0-1 96.00 124.00 220.00 OK

Check Details

Version: 1.0-1
Check: installed package size
Result: NOTE installed size is 5.2Mb sub-directories of 1Mb or more: libs 4.9Mb Flavors: r-release-macos-arm64, r-release-macos-x86_64, r-oldrel-macos-arm64, r-oldrel-macos-x86_64