Last updated on 2025-02-24 19:50:28 CET.
Flavor | Version | Tinstall | Tcheck | Ttotal | Status | Flags |
---|---|---|---|---|---|---|
r-devel-linux-x86_64-debian-clang | 0.2.1 | 4.28 | 34.68 | 38.96 | ERROR | |
r-devel-linux-x86_64-debian-gcc | 0.2.1 | 2.99 | 89.67 | 92.66 | OK | |
r-devel-linux-x86_64-fedora-clang | 0.2.1 | 177.22 | OK | |||
r-devel-linux-x86_64-fedora-gcc | 0.2.1 | 185.57 | OK | |||
r-devel-macos-arm64 | 0.2.1 | 68.00 | OK | |||
r-devel-macos-x86_64 | 0.2.1 | 50.00 | ERROR | |||
r-devel-windows-x86_64 | 0.2.1 | 7.00 | 154.00 | 161.00 | OK | |
r-patched-linux-x86_64 | 0.2.1 | 4.31 | 107.27 | 111.58 | OK | |
r-release-linux-x86_64 | 0.2.1 | 3.83 | 104.63 | 108.46 | OK | |
r-release-macos-arm64 | 0.2.1 | 66.00 | OK | |||
r-release-macos-x86_64 | 0.2.1 | 229.00 | OK | |||
r-release-windows-x86_64 | 0.2.1 | 7.00 | 147.00 | 154.00 | OK | |
r-oldrel-macos-arm64 | 0.2.1 | 69.00 | OK | |||
r-oldrel-macos-x86_64 | 0.2.1 | 187.00 | OK | |||
r-oldrel-windows-x86_64 | 0.2.1 | 8.00 | 157.00 | 165.00 | OK |
Version: 0.2.1
Check: re-building of vignette outputs
Result: ERROR
Error(s) in re-building vignettes:
...
--- re-building ‘introduction.Rmd’ using rmarkdown
Quitting from lines 41-44 [unnamed-chunk-2] (introduction.Rmd)
Error: processing vignette 'introduction.Rmd' failed with diagnostics:
there is no package called 'rstanarm'
--- failed re-building ‘introduction.Rmd’
SUMMARY: processing the following file failed:
‘introduction.Rmd’
Error: Vignette re-building failed.
Execution halted
Flavor: r-devel-linux-x86_64-debian-clang
Version: 0.2.1
Check: re-building of vignette outputs
Result: ERROR
Error(s) in re-building vignettes:
--- re-building ‘introduction.Rmd’ using rmarkdown
Quitting from lines 41-44 [unnamed-chunk-2] (introduction.Rmd)
Error: processing vignette 'introduction.Rmd' failed with diagnostics:
there is no package called 'rstanarm'
--- failed re-building ‘introduction.Rmd’
SUMMARY: processing the following file failed:
‘introduction.Rmd’
Error: Vignette re-building failed.
Execution halted
Flavor: r-devel-macos-x86_64