CRAN Package Check Results for Package beastt

Last updated on 2025-02-24 19:50:28 CET.

Flavor Version Tinstall Tcheck Ttotal Status Flags
r-devel-linux-x86_64-debian-clang 0.0.1 12.93 138.68 151.61 NOTE
r-devel-linux-x86_64-debian-gcc 0.0.1 10.95 100.50 111.45 NOTE
r-devel-linux-x86_64-fedora-clang 0.0.2 775.80 OK
r-devel-linux-x86_64-fedora-gcc 0.0.1 241.52 NOTE
r-devel-macos-arm64 0.0.1 74.00 OK
r-devel-macos-x86_64 0.0.2 263.00 OK
r-devel-windows-x86_64 0.0.1 15.00 128.00 143.00 NOTE
r-patched-linux-x86_64 0.0.1 13.68 127.89 141.57 OK
r-release-linux-x86_64 0.0.1 12.54 126.30 138.84 OK
r-release-macos-arm64 0.0.1 71.00 OK
r-release-macos-x86_64 0.0.2 290.00 NOTE
r-release-windows-x86_64 0.0.1 15.00 135.00 150.00 OK
r-oldrel-macos-arm64 0.0.1 83.00 OK
r-oldrel-macos-x86_64 0.0.2 311.00 NOTE
r-oldrel-windows-x86_64 0.0.1 21.00 165.00 186.00 OK

Check Details

Version: 0.0.1
Check: DESCRIPTION meta-information
Result: NOTE Missing dependency on R >= 4.1.0 because package code uses the pipe |> or function shorthand \(...) syntax added in R 4.1.0. File(s) using such syntax: ‘post.R’ ‘ps.R’ ‘pwr_prior.R’ Flavors: r-devel-linux-x86_64-debian-clang, r-devel-linux-x86_64-debian-gcc, r-devel-linux-x86_64-fedora-gcc, r-devel-windows-x86_64

Version: 0.0.2
Check: installed package size
Result: NOTE installed size is 51.4Mb sub-directories of 1Mb or more: libs 50.0Mb Flavors: r-release-macos-x86_64, r-oldrel-macos-x86_64

Version: 0.0.2
Check: for GNU extensions in Makefiles
Result: NOTE GNU make is a SystemRequirements. Flavors: r-release-macos-x86_64, r-oldrel-macos-x86_64