Last updated on 2025-02-24 19:50:28 CET.
Flavor | Version | Tinstall | Tcheck | Ttotal | Status | Flags |
---|---|---|---|---|---|---|
r-devel-linux-x86_64-debian-clang | 1.22.5 | 10.19 | 96.39 | 106.58 | NOTE | |
r-devel-linux-x86_64-debian-gcc | 1.22.5 | 6.88 | 64.49 | 71.37 | NOTE | |
r-devel-linux-x86_64-fedora-clang | 1.22.5 | 187.80 | OK | |||
r-devel-linux-x86_64-fedora-gcc | 1.22.5 | 190.30 | OK | |||
r-devel-macos-arm64 | 1.22.5 | 48.00 | OK | |||
r-devel-macos-x86_64 | 1.22.5 | 116.00 | OK | |||
r-devel-windows-x86_64 | 1.22.5 | 12.00 | 142.00 | 154.00 | NOTE | |
r-patched-linux-x86_64 | 1.22.5 | 13.14 | 90.49 | 103.63 | OK | |
r-release-linux-x86_64 | 1.22.5 | 8.74 | 92.01 | 100.75 | OK | |
r-release-macos-arm64 | 1.22.5 | 48.00 | OK | |||
r-release-macos-x86_64 | 1.22.5 | 108.00 | OK | |||
r-release-windows-x86_64 | 1.22.5 | 10.00 | 136.00 | 146.00 | OK | |
r-oldrel-macos-arm64 | 1.22.5 | 56.00 | OK | |||
r-oldrel-macos-x86_64 | 1.22.5 | 162.00 | OK | |||
r-oldrel-windows-x86_64 | 1.22.5 | 12.00 | 162.00 | 174.00 | OK |
Version: 1.22.5
Check: Rd cross-references
Result: NOTE
Found the following Rd file(s) with Rd \link{} targets missing package
anchors:
l2array.Rd: abind
Please provide package anchors for all Rd \link{} targets not in the
package itself and the base packages.
Flavors: r-devel-linux-x86_64-debian-clang, r-devel-linux-x86_64-debian-gcc, r-devel-windows-x86_64