Last updated on 2025-05-19 08:50:57 CEST.
Flavor | Version | Tinstall | Tcheck | Ttotal | Status | Flags |
---|---|---|---|---|---|---|
r-devel-linux-x86_64-debian-clang | 0.0.1 | 20.60 | 28.91 | 49.51 | NOTE | |
r-devel-linux-x86_64-debian-gcc | 0.0.1 | 17.25 | 23.26 | 40.51 | NOTE | |
r-devel-linux-x86_64-fedora-clang | 0.0.1 | 90.25 | NOTE | |||
r-devel-linux-x86_64-fedora-gcc | 0.0.1 | 97.33 | NOTE | |||
r-devel-windows-x86_64 | 0.0.1 | 29.00 | 72.00 | 101.00 | OK | |
r-patched-linux-x86_64 | 0.0.1 | 24.45 | 28.31 | 52.76 | OK | |
r-release-linux-x86_64 | 0.0.1 | 24.89 | 28.03 | 52.92 | OK | |
r-release-macos-arm64 | 0.0.1 | 31.00 | OK | |||
r-release-macos-x86_64 | 0.0.1 | 44.00 | OK | |||
r-release-windows-x86_64 | 0.0.1 | 29.00 | 75.00 | 104.00 | OK | |
r-oldrel-macos-arm64 | 0.0.1 | 31.00 | OK | |||
r-oldrel-macos-x86_64 | 0.0.1 | 36.00 | OK | |||
r-oldrel-windows-x86_64 | 0.0.1 | 35.00 | 80.00 | 115.00 | OK |
Version: 0.0.1
Check: CRAN incoming feasibility
Result: NOTE
Maintainer: ‘Aliasghar Tarkhan <atarkhan@uw.edu>’
The Description field contains
<arXiv:2003.00116v2>.
Please refer to arXiv e-prints via their arXiv DOI <doi:10.48550/arXiv.YYMM.NNNNN>.
Flavors: r-devel-linux-x86_64-debian-clang, r-devel-linux-x86_64-debian-gcc
Version: 0.0.1
Check: dependencies in R code
Result: NOTE
Namespace in Imports field not imported from: ‘survival’
All declared Imports should be used.
Flavors: r-devel-linux-x86_64-fedora-clang, r-devel-linux-x86_64-fedora-gcc