Last updated on 2025-02-24 19:50:28 CET.
Flavor | Version | Tinstall | Tcheck | Ttotal | Status | Flags |
---|---|---|---|---|---|---|
r-devel-linux-x86_64-debian-clang | 1.5.1 | 16.19 | 72.98 | 89.17 | NOTE | |
r-devel-linux-x86_64-debian-gcc | 1.5.1 | 12.90 | 54.63 | 67.53 | NOTE | |
r-devel-linux-x86_64-fedora-clang | 1.5.1 | 155.76 | WARN | |||
r-devel-linux-x86_64-fedora-gcc | 1.5.1 | 142.19 | OK | |||
r-devel-macos-arm64 | 1.5.1 | 44.00 | OK | |||
r-devel-macos-x86_64 | 1.5.1 | 75.00 | OK | |||
r-devel-windows-x86_64 | 1.5.1 | 22.00 | 101.00 | 123.00 | NOTE | |
r-patched-linux-x86_64 | 1.5.1 | 21.62 | 69.52 | 91.14 | OK | |
r-release-linux-x86_64 | 1.5.1 | 16.96 | 68.92 | 85.88 | OK | |
r-release-macos-arm64 | 1.5.1 | 39.00 | OK | |||
r-release-macos-x86_64 | 1.5.1 | 62.00 | OK | |||
r-release-windows-x86_64 | 1.5.1 | 23.00 | 98.00 | 121.00 | OK | |
r-oldrel-macos-arm64 | 1.5.1 | 46.00 | OK | |||
r-oldrel-macos-x86_64 | 1.5.1 | 96.00 | OK | |||
r-oldrel-windows-x86_64 | 1.5.1 | 26.00 | 121.00 | 147.00 | OK |
Version: 1.5.1
Check: Rd cross-references
Result: NOTE
Found the following Rd file(s) with Rd \link{} targets missing package
anchors:
DBI.Rd: DBIObject-class, DBIDriver-class, DBIConnection-class,
DBIResult-class
bigquery.Rd: DBIDriver-class, DBIConnection-class
Please provide package anchors for all Rd \link{} targets not in the
package itself and the base packages.
Flavors: r-devel-linux-x86_64-debian-clang, r-devel-linux-x86_64-debian-gcc, r-devel-windows-x86_64
Version: 1.5.1
Check: whether package can be installed
Result: WARN
Found the following significant warnings:
/data/gannet/ripley/R/test-clang/cpp11/include/cpp11/R.hpp:52:31: warning: identifier '_xl' preceded by whitespace in a literal operator declaration is deprecated [-Wdeprecated-literal-operator]
/data/gannet/ripley/R/test-clang/cpp11/include/cpp11/named_arg.hpp:42:29: warning: identifier '_nm' preceded by whitespace in a literal operator declaration is deprecated [-Wdeprecated-literal-operator]
See ‘/data/gannet/ripley/R/packages/tests-clang/bigrquery.Rcheck/00install.out’ for details.
* used C compiler: ‘clang version 20.1.0-rc2’
* used C++ compiler: ‘clang version 20.1.0-rc2’
Flavor: r-devel-linux-x86_64-fedora-clang