CRAN Package Check Results for Package billboard

Last updated on 2024-12-18 19:49:09 CET.

Flavor Version Tinstall Tcheck Ttotal Status Flags
r-devel-linux-x86_64-debian-clang 0.1.0 3.19 18.10 21.29 OK
r-devel-linux-x86_64-debian-gcc 0.1.0 2.49 14.60 17.09 OK
r-devel-linux-x86_64-fedora-clang 0.1.0 34.37 NOTE
r-devel-linux-x86_64-fedora-gcc 0.1.0 32.30 NOTE
r-devel-windows-x86_64 0.1.0 5.00 41.00 46.00 OK
r-patched-linux-x86_64 0.1.0 3.50 17.38 20.88 OK
r-release-linux-x86_64 0.1.0 2.77 17.52 20.29 OK
r-release-macos-arm64 0.1.0 17.00 OK
r-release-macos-x86_64 0.1.0 29.00 OK
r-release-windows-x86_64 0.1.0 6.00 49.00 55.00 OK
r-oldrel-macos-arm64 0.1.0 20.00 OK
r-oldrel-macos-x86_64 0.1.0 23.00 OK
r-oldrel-windows-x86_64 0.1.0 6.00 45.00 51.00 OK

Check Details

Version: 0.1.0
Check: dependencies in R code
Result: NOTE Namespace in Imports field not imported from: ‘tibble’ All declared Imports should be used. Flavors: r-devel-linux-x86_64-fedora-clang, r-devel-linux-x86_64-fedora-gcc