Last updated on 2025-02-07 08:51:06 CET.
Flavor | Version | Tinstall | Tcheck | Ttotal | Status | Flags |
---|---|---|---|---|---|---|
r-devel-linux-x86_64-debian-clang | 0.6.0 | 14.34 | 65.43 | 79.77 | OK | |
r-devel-linux-x86_64-debian-gcc | 0.6.0 | 9.39 | 47.90 | 57.29 | OK | |
r-devel-linux-x86_64-fedora-clang | 0.6.0 | 132.92 | NOTE | |||
r-devel-linux-x86_64-fedora-gcc | 0.6.0 | 133.06 | NOTE | |||
r-devel-windows-x86_64 | 0.6.0 | 16.00 | 86.00 | 102.00 | OK | |
r-patched-linux-x86_64 | 0.6.0 | 14.48 | 60.76 | 75.24 | OK | |
r-release-linux-x86_64 | 0.6.0 | 13.01 | 60.04 | 73.05 | OK | |
r-release-macos-arm64 | 0.6.0 | 61.00 | OK | |||
r-release-macos-x86_64 | 0.6.0 | 139.00 | OK | |||
r-release-windows-x86_64 | 0.6.0 | 18.00 | 87.00 | 105.00 | OK | |
r-oldrel-macos-arm64 | 0.6.0 | 64.00 | WARN | |||
r-oldrel-macos-x86_64 | 0.6.0 | 103.00 | WARN | |||
r-oldrel-windows-x86_64 | 0.6.0 | 20.00 | 93.00 | 113.00 | WARN |
Version: 0.6.0
Check: dependencies in R code
Result: NOTE
Namespaces in Imports field not imported from:
‘knitr’ ‘markdown’
All declared Imports should be used.
Flavors: r-devel-linux-x86_64-fedora-clang, r-devel-linux-x86_64-fedora-gcc
Version: 0.6.0
Check: examples
Result: WARN
Found the following significant warnings:
Warning: 'blandr.output.text' is deprecated.
Warning: 'blandr.output.text' is deprecated.
Warning: 'blandr.output.text' is deprecated.
Deprecated functions may be defunct as soon as of the next release of
R.
See ?Deprecated.
Flavors: r-oldrel-macos-arm64, r-oldrel-macos-x86_64, r-oldrel-windows-x86_64