Last updated on 2024-12-18 19:49:10 CET.
Flavor | Version | Tinstall | Tcheck | Ttotal | Status | Flags |
---|---|---|---|---|---|---|
r-devel-linux-x86_64-debian-clang | 4.5.5 | 307.36 | 49.14 | 356.50 | OK | |
r-devel-linux-x86_64-debian-gcc | 4.5.5 | 252.84 | 38.70 | 291.54 | OK | |
r-devel-linux-x86_64-fedora-clang | 4.5.5 | 672.12 | OK | |||
r-devel-linux-x86_64-fedora-gcc | 4.5.5 | 845.85 | OK | |||
r-devel-windows-x86_64 | 4.5.5 | 308.00 | 130.00 | 438.00 | OK | |
r-patched-linux-x86_64 | 4.5.5 | 356.55 | 49.37 | 405.92 | NOTE | |
r-release-linux-x86_64 | 4.5.5 | 347.02 | 49.37 | 396.39 | NOTE | |
r-release-macos-arm64 | 4.5.5 | 161.00 | NOTE | |||
r-release-macos-x86_64 | 4.5.5 | 139.00 | NOTE | |||
r-release-windows-x86_64 | 4.5.5 | 302.00 | 151.00 | 453.00 | NOTE | |
r-oldrel-macos-arm64 | 4.5.5 | 168.00 | NOTE | |||
r-oldrel-macos-x86_64 | 4.5.5 | 177.00 | NOTE | |||
r-oldrel-windows-x86_64 | 4.5.5 | 337.00 | 139.00 | 476.00 | NOTE |
Version: 4.5.5
Check: for GNU extensions in Makefiles
Result: NOTE
GNU make is a SystemRequirements.
Flavors: r-patched-linux-x86_64, r-release-linux-x86_64, r-release-macos-arm64, r-release-macos-x86_64, r-release-windows-x86_64, r-oldrel-macos-arm64, r-oldrel-macos-x86_64, r-oldrel-windows-x86_64
Version: 4.5.5
Check: installed package size
Result: NOTE
installed size is 33.9Mb
sub-directories of 1Mb or more:
libs 32.6Mb
Flavors: r-release-macos-arm64, r-release-macos-x86_64, r-oldrel-macos-arm64, r-oldrel-macos-x86_64