Last updated on 2024-12-18 19:49:10 CET.
Flavor | Version | Tinstall | Tcheck | Ttotal | Status | Flags |
---|---|---|---|---|---|---|
r-devel-linux-x86_64-debian-clang | 0.3.0 | 2.98 | 32.69 | 35.67 | OK | |
r-devel-linux-x86_64-debian-gcc | 0.3.0 | 1.45 | 26.09 | 27.54 | OK | |
r-devel-linux-x86_64-fedora-clang | 0.3.0 | 58.11 | NOTE | |||
r-devel-linux-x86_64-fedora-gcc | 0.3.0 | 56.33 | NOTE | |||
r-devel-windows-x86_64 | 0.3.0 | 5.00 | 60.00 | 65.00 | OK | |
r-patched-linux-x86_64 | 0.3.0 | 3.23 | 31.19 | 34.42 | OK | |
r-release-linux-x86_64 | 0.3.0 | 2.39 | 31.20 | 33.59 | OK | |
r-release-macos-arm64 | 0.3.0 | 23.00 | OK | |||
r-release-macos-x86_64 | 0.3.0 | 39.00 | OK | |||
r-release-windows-x86_64 | 0.3.0 | 5.00 | 57.00 | 62.00 | OK | |
r-oldrel-macos-arm64 | 0.3.0 | 22.00 | OK | |||
r-oldrel-macos-x86_64 | 0.3.0 | 28.00 | OK | |||
r-oldrel-windows-x86_64 | 0.3.0 | 6.00 | 65.00 | 71.00 | OK |
Version: 0.3.0
Check: dependencies in R code
Result: NOTE
Namespaces in Imports field not imported from:
‘Rgraphviz’ ‘fastDummies’
All declared Imports should be used.
Flavors: r-devel-linux-x86_64-fedora-clang, r-devel-linux-x86_64-fedora-gcc