Last updated on 2025-05-17 19:51:46 CEST.
Flavor | Version | Tinstall | Tcheck | Ttotal | Status | Flags |
---|---|---|---|---|---|---|
r-devel-linux-x86_64-debian-clang | 1.2 | 9.43 | 77.27 | 86.70 | NOTE | |
r-devel-linux-x86_64-debian-gcc | 1.2 | 6.70 | 57.52 | 64.22 | NOTE | |
r-devel-linux-x86_64-fedora-clang | 1.2 | 135.67 | OK | |||
r-devel-linux-x86_64-fedora-gcc | 1.2 | 130.25 | OK | |||
r-devel-windows-x86_64 | 1.2 | 10.00 | 95.00 | 105.00 | OK | |
r-patched-linux-x86_64 | 1.2 | 10.04 | 74.96 | 85.00 | OK | |
r-release-linux-x86_64 | 1.2 | 8.45 | 74.72 | 83.17 | OK | |
r-release-macos-arm64 | 1.2 | 42.00 | OK | |||
r-release-macos-x86_64 | 1.2 | 96.00 | OK | |||
r-release-windows-x86_64 | 1.2 | 10.00 | 94.00 | 104.00 | OK | |
r-oldrel-macos-arm64 | 1.2 | 41.00 | OK | |||
r-oldrel-macos-x86_64 | 1.2 | 99.00 | OK | |||
r-oldrel-windows-x86_64 | 1.2 | 14.00 | 109.00 | 123.00 | OK |
Version: 1.2
Check: CRAN incoming feasibility
Result: NOTE
Maintainer: ‘Paola Rebora <paola.rebora@unimib.it>’
No Authors@R field in DESCRIPTION.
Please add one, modifying
Authors@R: c(person(given = c("Paola", "Rebora,Agus"),
family = "Salim",
role = "aut"),
person(given = "Marie",
family = "Reilly",
role = "aut"),
person(given = "Paola",
family = "Rebora",
role = "cre",
email = "paola.rebora@unimib.it"))
as necessary.
Flavors: r-devel-linux-x86_64-debian-clang, r-devel-linux-x86_64-debian-gcc