Last updated on 2025-02-11 19:48:50 CET.
Flavor | Version | Tinstall | Tcheck | Ttotal | Status | Flags |
---|---|---|---|---|---|---|
r-devel-linux-x86_64-debian-clang | 1.1.1 | 8.06 | 92.41 | 100.47 | NOTE | |
r-devel-linux-x86_64-debian-gcc | 1.1.1 | 6.38 | 65.37 | 71.75 | NOTE | |
r-devel-linux-x86_64-fedora-clang | 1.1.1 | 166.38 | OK | |||
r-devel-linux-x86_64-fedora-gcc | 1.1.1 | 164.37 | OK | |||
r-devel-windows-x86_64 | 1.1.1 | 9.00 | 114.00 | 123.00 | NOTE | |
r-patched-linux-x86_64 | 1.1.1 | 14.80 | 85.99 | 100.79 | OK | |
r-release-linux-x86_64 | 1.1.1 | 7.92 | 84.02 | 91.94 | OK | |
r-release-macos-arm64 | 1.1.1 | 67.00 | OK | |||
r-release-macos-x86_64 | 1.1.1 | 150.00 | OK | |||
r-release-windows-x86_64 | 1.1.1 | 10.00 | 106.00 | 116.00 | OK | |
r-oldrel-macos-arm64 | 1.1.1 | 74.00 | OK | |||
r-oldrel-macos-x86_64 | 1.1.1 | 155.00 | OK | |||
r-oldrel-windows-x86_64 | 1.1.1 | 12.00 | 125.00 | 137.00 | OK |
Version: 1.1.1
Check: Rd cross-references
Result: NOTE
Found the following Rd file(s) with Rd \link{} targets missing package
anchors:
read_excel_workbook.Rd: read_excel
read_gsheets.Rd: read_sheet
Please provide package anchors for all Rd \link{} targets not in the
package itself and the base packages.
Flavors: r-devel-linux-x86_64-debian-clang, r-devel-linux-x86_64-debian-gcc, r-devel-windows-x86_64