Last updated on 2025-02-24 19:50:29 CET.
Flavor | Version | Tinstall | Tcheck | Ttotal | Status | Flags |
---|---|---|---|---|---|---|
r-devel-linux-x86_64-debian-clang | 0.2.0.3 | 5.98 | 2.03 | 8.01 | ERROR | |
r-devel-linux-x86_64-debian-gcc | 0.2.0.3 | 1343.34 | 243.54 | 1586.88 | OK | |
r-devel-linux-x86_64-fedora-clang | 0.2.0.3 | 11.28 | ERROR | |||
r-devel-linux-x86_64-fedora-gcc | 0.2.0.3 | 3918.82 | OK | |||
r-devel-macos-arm64 | 0.2.0.3 | 656.00 | OK | |||
r-devel-macos-x86_64 | 0.2.0.3 | 587.00 | OK | |||
r-devel-windows-x86_64 | 0.2.0.3 | 1463.00 | 317.00 | 1780.00 | OK | |
r-patched-linux-x86_64 | 0.2.0.3 | 1751.53 | 325.46 | 2076.99 | NOTE | |
r-release-linux-x86_64 | 0.2.0.3 | 1823.94 | 322.04 | 2145.98 | NOTE | |
r-release-macos-arm64 | 0.2.0.3 | 638.00 | NOTE | |||
r-release-macos-x86_64 | 0.2.0.3 | 469.00 | NOTE | |||
r-release-windows-x86_64 | 0.2.0.3 | 1479.00 | 300.00 | 1779.00 | NOTE | |
r-oldrel-macos-arm64 | 0.2.0.3 | 676.00 | NOTE | |||
r-oldrel-macos-x86_64 | 0.2.0.3 | 1113.00 | NOTE | |||
r-oldrel-windows-x86_64 | 0.2.0.3 | 1952.00 | 372.00 | 2324.00 | NOTE |
Version: 0.2.0.3
Check: whether package can be installed
Result: ERROR
Installation failed.
Flavors: r-devel-linux-x86_64-debian-clang, r-devel-linux-x86_64-fedora-clang
Version: 0.2.0.3
Check: for GNU extensions in Makefiles
Result: NOTE
GNU make is a SystemRequirements.
Flavors: r-patched-linux-x86_64, r-release-linux-x86_64, r-release-macos-arm64, r-release-macos-x86_64, r-release-windows-x86_64, r-oldrel-macos-arm64, r-oldrel-macos-x86_64, r-oldrel-windows-x86_64
Version: 0.2.0.3
Check: installed package size
Result: NOTE
installed size is 167.8Mb
sub-directories of 1Mb or more:
libs 167.3Mb
Flavors: r-release-macos-arm64, r-release-macos-x86_64, r-release-windows-x86_64, r-oldrel-macos-arm64, r-oldrel-macos-x86_64, r-oldrel-windows-x86_64