Last updated on 2025-02-24 19:50:29 CET.
Flavor | Version | Tinstall | Tcheck | Ttotal | Status | Flags |
---|---|---|---|---|---|---|
r-devel-linux-x86_64-debian-clang | 1.0.1 | 32.70 | 77.10 | 109.80 | OK | |
r-devel-linux-x86_64-debian-gcc | 1.0.1 | 21.44 | 53.58 | 75.02 | OK | |
r-devel-linux-x86_64-fedora-clang | 1.0.1 | 208.49 | WARN | |||
r-devel-linux-x86_64-fedora-gcc | 1.0.1 | 168.45 | OK | |||
r-devel-macos-arm64 | 1.0.1 | 55.00 | OK | |||
r-devel-macos-x86_64 | 1.0.1 | 124.00 | OK | |||
r-devel-windows-x86_64 | 1.0.1 | 38.00 | 111.00 | 149.00 | OK | |
r-patched-linux-x86_64 | 1.0.1 | 31.45 | 68.04 | 99.49 | OK | |
r-release-linux-x86_64 | 1.0.1 | 30.88 | 68.53 | 99.41 | OK | |
r-release-macos-arm64 | 1.0.1 | 70.00 | OK | |||
r-release-macos-x86_64 | 1.0.1 | 118.00 | OK | |||
r-release-windows-x86_64 | 1.0.1 | 35.00 | 99.00 | 134.00 | OK | |
r-oldrel-macos-arm64 | 0.9.92 | 58.00 | OK | |||
r-oldrel-macos-x86_64 | 1.0.1 | 186.00 | OK | |||
r-oldrel-windows-x86_64 | 1.0.1 | 45.00 | 119.00 | 164.00 | OK |
Version: 1.0.1
Check: whether package can be installed
Result: WARN
Found the following significant warnings:
/data/gannet/ripley/R/test-clang/cpp11/include/cpp11/R.hpp:52:31: warning: identifier '_xl' preceded by whitespace in a literal operator declaration is deprecated [-Wdeprecated-literal-operator]
/data/gannet/ripley/R/test-clang/cpp11/include/cpp11/named_arg.hpp:42:29: warning: identifier '_nm' preceded by whitespace in a literal operator declaration is deprecated [-Wdeprecated-literal-operator]
See ‘/data/gannet/ripley/R/packages/tests-clang/cheapr.Rcheck/00install.out’ for details.
* used C++ compiler: ‘clang version 20.1.0-rc2’
Flavor: r-devel-linux-x86_64-fedora-clang