Last updated on 2025-02-07 08:51:07 CET.
Flavor | Version | Tinstall | Tcheck | Ttotal | Status | Flags |
---|---|---|---|---|---|---|
r-devel-linux-x86_64-debian-clang | 0.1.3 | 1.88 | 17.68 | 19.56 | OK | |
r-devel-linux-x86_64-debian-gcc | 0.1.3 | 1.47 | 15.09 | 16.56 | OK | |
r-devel-linux-x86_64-fedora-clang | 0.1.3 | 33.46 | NOTE | |||
r-devel-linux-x86_64-fedora-gcc | 0.1.3 | 29.75 | NOTE | |||
r-devel-windows-x86_64 | 0.1.3 | 3.00 | 48.00 | 51.00 | OK | |
r-patched-linux-x86_64 | 0.1.3 | 2.00 | 16.92 | 18.92 | OK | |
r-release-linux-x86_64 | 0.1.3 | 1.57 | 16.88 | 18.45 | OK | |
r-release-macos-arm64 | 0.1.3 | 18.00 | OK | |||
r-release-macos-x86_64 | 0.1.3 | 22.00 | OK | |||
r-release-windows-x86_64 | 0.1.3 | 3.00 | 39.00 | 42.00 | OK | |
r-oldrel-macos-arm64 | 0.1.3 | 13.00 | OK | |||
r-oldrel-macos-x86_64 | 0.1.3 | 19.00 | OK | |||
r-oldrel-windows-x86_64 | 0.1.3 | 3.00 | 39.00 | 42.00 | OK |
Version: 0.1.3
Check: dependencies in R code
Result: NOTE
Namespace in Imports field not imported from: ‘base’
All declared Imports should be used.
Flavors: r-devel-linux-x86_64-fedora-clang, r-devel-linux-x86_64-fedora-gcc