Last updated on 2025-02-07 08:51:07 CET.
Flavor | Version | Tinstall | Tcheck | Ttotal | Status | Flags |
---|---|---|---|---|---|---|
r-devel-linux-x86_64-debian-clang | 1.0.4 | 3.40 | 31.93 | 35.33 | OK | |
r-devel-linux-x86_64-debian-gcc | 1.0.4 | 2.61 | 23.98 | 26.59 | OK | |
r-devel-linux-x86_64-fedora-clang | 1.0.4 | 60.69 | NOTE | |||
r-devel-linux-x86_64-fedora-gcc | 1.0.4 | 54.91 | NOTE | |||
r-devel-windows-x86_64 | 1.0.4 | 6.00 | 59.00 | 65.00 | OK | |
r-patched-linux-x86_64 | 1.0.4 | 2.77 | 30.05 | 32.82 | NOTE | |
r-release-linux-x86_64 | 1.0.4 | 3.11 | 30.66 | 33.77 | NOTE | |
r-release-macos-arm64 | 1.0.4 | 22.00 | NOTE | |||
r-release-macos-x86_64 | 1.0.4 | 30.00 | NOTE | |||
r-release-windows-x86_64 | 1.0.4 | 5.00 | 58.00 | 63.00 | NOTE | |
r-oldrel-macos-arm64 | 1.0.4 | 22.00 | NOTE | |||
r-oldrel-macos-x86_64 | 1.0.4 | 29.00 | NOTE | |||
r-oldrel-windows-x86_64 | 1.0.4 | 6.00 | 60.00 | 66.00 | NOTE |
Version: 1.0.4
Check: dependencies in R code
Result: NOTE
Namespace in Imports field not imported from: ‘R6’
All declared Imports should be used.
Flavors: r-devel-linux-x86_64-fedora-clang, r-devel-linux-x86_64-fedora-gcc
Version: 1.0.4
Check: LazyData
Result: NOTE
'LazyData' is specified without a 'data' directory
Flavors: r-patched-linux-x86_64, r-release-linux-x86_64, r-release-macos-arm64, r-release-macos-x86_64, r-release-windows-x86_64, r-oldrel-macos-arm64, r-oldrel-macos-x86_64, r-oldrel-windows-x86_64