CRAN Package Check Results for Package clttools

Last updated on 2024-12-18 19:49:10 CET.

Flavor Version Tinstall Tcheck Ttotal Status Flags
r-devel-linux-x86_64-debian-clang 1.3 2.38 20.79 23.17 OK
r-devel-linux-x86_64-debian-gcc 1.3 2.19 16.18 18.37 OK
r-devel-linux-x86_64-fedora-clang 1.3 37.51 OK
r-devel-linux-x86_64-fedora-gcc 1.3 35.18 OK
r-devel-windows-x86_64 1.3 4.00 47.00 51.00 OK
r-patched-linux-x86_64 1.3 2.96 20.24 23.20 NOTE
r-release-linux-x86_64 1.3 2.52 19.86 22.38 NOTE
r-release-macos-arm64 1.3 15.00 NOTE
r-release-macos-x86_64 1.3 25.00 NOTE
r-release-windows-x86_64 1.3 3.00 43.00 46.00 NOTE
r-oldrel-macos-arm64 1.3 15.00 NOTE
r-oldrel-macos-x86_64 1.3 21.00 NOTE
r-oldrel-windows-x86_64 1.3 3.00 44.00 47.00 NOTE

Check Details

Version: 1.3
Check: LazyData
Result: NOTE 'LazyData' is specified without a 'data' directory Flavors: r-patched-linux-x86_64, r-release-linux-x86_64, r-release-macos-arm64, r-release-macos-x86_64, r-release-windows-x86_64, r-oldrel-macos-arm64, r-oldrel-macos-x86_64, r-oldrel-windows-x86_64