Last updated on 2025-02-24 19:50:30 CET.
Flavor | Version | Tinstall | Tcheck | Ttotal | Status | Flags |
---|---|---|---|---|---|---|
r-devel-linux-x86_64-debian-clang | 1.2.0 | 11.09 | 621.08 | 632.17 | OK | |
r-devel-linux-x86_64-debian-gcc | 1.2.0 | 0.22 | 1.45 | 1.67 | ERROR | |
r-devel-linux-x86_64-fedora-clang | 1.2.0 | 762.02 | OK | |||
r-devel-linux-x86_64-fedora-gcc | 1.2.0 | 1374.61 | OK | |||
r-devel-macos-arm64 | 1.2.0 | 132.00 | OK | |||
r-devel-macos-x86_64 | 1.2.0 | 325.00 | OK | |||
r-devel-windows-x86_64 | 1.2.0 | 13.00 | 377.00 | 390.00 | OK | |
r-patched-linux-x86_64 | 1.2.0 | 10.91 | 412.09 | 423.00 | OK | |
r-release-linux-x86_64 | 1.2.0 | 10.76 | 366.26 | 377.02 | OK | |
r-release-macos-arm64 | 1.2.0 | 175.00 | OK | |||
r-release-macos-x86_64 | 1.2.0 | 352.00 | OK | |||
r-release-windows-x86_64 | 1.2.0 | 12.00 | 348.00 | 360.00 | OK | |
r-oldrel-macos-arm64 | 1.2.0 | 234.00 | OK | |||
r-oldrel-macos-x86_64 | 1.2.0 | 371.00 | OK | |||
r-oldrel-windows-x86_64 | 1.2.0 | 16.00 | 553.00 | 569.00 | OK |
Version: 1.2.0
Check: package dependencies
Result: ERROR
Package required but not available: ‘BiDAG’
See section ‘The DESCRIPTION file’ in the ‘Writing R Extensions’
manual.
Flavor: r-devel-linux-x86_64-debian-gcc