Last updated on 2025-05-13 19:52:29 CEST.
Flavor | Version | Tinstall | Tcheck | Ttotal | Status | Flags |
---|---|---|---|---|---|---|
r-devel-linux-x86_64-debian-clang | 0.6.10 | 1.76 | 21.93 | 23.69 | OK | |
r-devel-linux-x86_64-debian-gcc | 0.6.10 | 1.29 | 17.93 | 19.22 | OK | |
r-devel-linux-x86_64-fedora-clang | 0.6.10 | 38.51 | OK | |||
r-devel-linux-x86_64-fedora-gcc | 0.6.10 | 50.23 | OK | |||
r-devel-windows-x86_64 | 0.6.10 | 3.00 | 43.00 | 46.00 | OK | |
r-patched-linux-x86_64 | 0.6.10 | 1.82 | 21.26 | 23.08 | OK | |
r-release-linux-x86_64 | 0.6.10 | 1.64 | 21.24 | 22.88 | OK | |
r-release-macos-arm64 | 0.6.10 | 23.00 | OK | |||
r-release-macos-x86_64 | 0.6.10 | 40.00 | OK | |||
r-release-windows-x86_64 | 0.6.10 | 4.00 | 45.00 | 49.00 | OK | |
r-oldrel-macos-arm64 | 0.6.10 | 27.00 | NOTE | |||
r-oldrel-macos-x86_64 | 0.6.10 | 33.00 | NOTE | |||
r-oldrel-windows-x86_64 | 0.6.10 | 4.00 | 49.00 | 53.00 | NOTE |
Version: 0.6.10
Check: LazyData
Result: NOTE
'LazyData' is specified without a 'data' directory
Flavors: r-oldrel-macos-arm64, r-oldrel-macos-x86_64, r-oldrel-windows-x86_64