Last updated on 2025-02-24 19:50:30 CET.
Flavor | Version | Tinstall | Tcheck | Ttotal | Status | Flags |
---|---|---|---|---|---|---|
r-devel-linux-x86_64-debian-clang | 0.1.1 | 21.17 | 113.43 | 134.60 | OK | |
r-devel-linux-x86_64-debian-gcc | 0.1.1 | 15.25 | 81.13 | 96.38 | OK | |
r-devel-linux-x86_64-fedora-clang | 0.1.1 | 226.70 | WARN | |||
r-devel-linux-x86_64-fedora-gcc | 0.1.1 | 204.05 | OK | |||
r-devel-macos-arm64 | 0.1.1 | 66.00 | OK | |||
r-devel-macos-x86_64 | 0.1.1 | 115.00 | OK | |||
r-devel-windows-x86_64 | 0.1.1 | 28.00 | 116.00 | 144.00 | OK | |
r-patched-linux-x86_64 | 0.1.1 | 21.35 | 105.37 | 126.72 | OK | |
r-release-linux-x86_64 | 0.1.1 | 20.48 | 104.94 | 125.42 | OK | |
r-release-macos-arm64 | 0.1.1 | 63.00 | OK | |||
r-release-macos-x86_64 | 0.1.1 | 118.00 | OK | |||
r-release-windows-x86_64 | 0.1.1 | 29.00 | 114.00 | 143.00 | OK | |
r-oldrel-macos-arm64 | 0.1.0 | 67.00 | OK | |||
r-oldrel-macos-x86_64 | 0.1.1 | 124.00 | OK | |||
r-oldrel-windows-x86_64 | 0.1.1 | 35.00 | 143.00 | 178.00 | OK |
Version: 0.1.1
Check: whether package can be installed
Result: WARN
Found the following significant warnings:
/data/gannet/ripley/R/test-clang/cpp11/include/cpp11/R.hpp:52:31: warning: identifier '_xl' preceded by whitespace in a literal operator declaration is deprecated [-Wdeprecated-literal-operator]
/data/gannet/ripley/R/test-clang/cpp11/include/cpp11/named_arg.hpp:42:29: warning: identifier '_nm' preceded by whitespace in a literal operator declaration is deprecated [-Wdeprecated-literal-operator]
See ‘/data/gannet/ripley/R/packages/tests-clang/cpp11bigwig.Rcheck/00install.out’ for details.
* used C++ compiler: ‘clang version 20.1.0-rc2’
Flavor: r-devel-linux-x86_64-fedora-clang