Last updated on 2025-02-24 19:50:30 CET.
Flavor | Version | Tinstall | Tcheck | Ttotal | Status | Flags |
---|---|---|---|---|---|---|
r-devel-linux-x86_64-debian-clang | 0.3.0 | 5.21 | 24.72 | 29.93 | OK | |
r-devel-linux-x86_64-debian-gcc | 0.3.0 | 3.66 | 20.51 | 24.17 | OK | |
r-devel-linux-x86_64-fedora-clang | 0.3.0 | 53.53 | WARN | |||
r-devel-linux-x86_64-fedora-gcc | 0.3.0 | 47.29 | OK | |||
r-devel-macos-arm64 | 0.3.0 | 21.00 | OK | |||
r-devel-macos-x86_64 | 0.3.0 | 60.00 | OK | |||
r-devel-windows-x86_64 | 0.3.0 | 8.00 | 51.00 | 59.00 | OK | |
r-patched-linux-x86_64 | 0.3.0 | 4.84 | 24.50 | 29.34 | OK | |
r-release-linux-x86_64 | 0.3.0 | 4.01 | 24.41 | 28.42 | OK | |
r-release-macos-arm64 | 0.3.0 | 192.00 | OK | |||
r-release-macos-x86_64 | 0.3.0 | 211.00 | OK | |||
r-release-windows-x86_64 | 0.3.0 | 8.00 | 49.00 | 57.00 | OK | |
r-oldrel-macos-arm64 | 0.3.0 | 195.00 | OK | |||
r-oldrel-macos-x86_64 | 0.3.0 | 209.00 | OK | |||
r-oldrel-windows-x86_64 | 0.3.0 | 8.00 | 51.00 | 59.00 | OK |
Version: 0.3.0
Check: whether package can be installed
Result: WARN
Found the following significant warnings:
/data/gannet/ripley/R/test-clang/cpp11/include/cpp11/R.hpp:52:31: warning: identifier '_xl' preceded by whitespace in a literal operator declaration is deprecated [-Wdeprecated-literal-operator]
/data/gannet/ripley/R/test-clang/cpp11/include/cpp11/named_arg.hpp:42:29: warning: identifier '_nm' preceded by whitespace in a literal operator declaration is deprecated [-Wdeprecated-literal-operator]
See ‘/data/gannet/ripley/R/packages/tests-clang/cppdoubles.Rcheck/00install.out’ for details.
* used C++ compiler: ‘clang version 20.1.0-rc2’
Flavor: r-devel-linux-x86_64-fedora-clang