Last updated on 2025-05-17 08:49:34 CEST.
Flavor | Version | Tinstall | Tcheck | Ttotal | Status | Flags |
---|---|---|---|---|---|---|
r-devel-linux-x86_64-debian-clang | 1.0.2 | 5.83 | 63.44 | 69.27 | NOTE | |
r-devel-linux-x86_64-debian-gcc | 1.0.2 | 5.32 | 46.09 | 51.41 | NOTE | |
r-devel-linux-x86_64-fedora-clang | 1.0.2 | 110.04 | OK | |||
r-devel-linux-x86_64-fedora-gcc | 1.0.2 | 104.95 | OK | |||
r-devel-windows-x86_64 | 1.0.2 | 8.00 | 82.00 | 90.00 | OK | |
r-patched-linux-x86_64 | 1.0.2 | 5.96 | 60.48 | 66.44 | OK | |
r-release-linux-x86_64 | 1.0.2 | 6.90 | 59.97 | 66.87 | OK | |
r-release-macos-arm64 | 1.0.2 | 35.00 | OK | |||
r-release-macos-x86_64 | 1.0.2 | 81.00 | OK | |||
r-release-windows-x86_64 | 1.0.2 | 8.00 | 74.00 | 82.00 | OK | |
r-oldrel-macos-arm64 | 1.0.2 | 34.00 | OK | |||
r-oldrel-macos-x86_64 | 1.0.2 | 62.00 | OK | |||
r-oldrel-windows-x86_64 | 1.0.2 | 10.00 | 89.00 | 99.00 | OK |
Version: 1.0.2
Check: CRAN incoming feasibility
Result: NOTE
Maintainer: ‘Johann Gagnon-Bartsch <johanngb@umich.edu>’
No Authors@R field in DESCRIPTION.
Please add one, modifying
Authors@R: person(given = "Johann",
family = "Gagnon-Bartsch",
role = c("aut", "cre"),
email = "johanngb@umich.edu")
as necessary.
Flavors: r-devel-linux-x86_64-debian-clang, r-devel-linux-x86_64-debian-gcc