Last updated on 2025-05-19 08:50:59 CEST.
Flavor | Version | Tinstall | Tcheck | Ttotal | Status | Flags |
---|---|---|---|---|---|---|
r-devel-linux-x86_64-debian-clang | 0.1.4 | 2.45 | 19.45 | 21.90 | OK | |
r-devel-linux-x86_64-debian-gcc | 0.1.4 | 2.08 | 15.33 | 17.41 | OK | |
r-devel-linux-x86_64-fedora-clang | 0.1.4 | 34.95 | NOTE | |||
r-devel-linux-x86_64-fedora-gcc | 0.1.4 | 51.29 | NOTE | |||
r-devel-windows-x86_64 | 0.1.4 | 6.00 | 54.00 | 60.00 | OK | |
r-patched-linux-x86_64 | 0.1.4 | 2.26 | 18.73 | 20.99 | OK | |
r-release-linux-x86_64 | 0.1.4 | 2.43 | 18.66 | 21.09 | OK | |
r-release-macos-arm64 | 0.1.4 | 24.00 | OK | |||
r-release-macos-x86_64 | 0.1.4 | 44.00 | OK | |||
r-release-windows-x86_64 | 0.1.4 | 5.00 | 52.00 | 57.00 | OK | |
r-oldrel-macos-arm64 | 0.1.4 | 21.00 | OK | |||
r-oldrel-macos-x86_64 | 0.1.4 | 35.00 | OK | |||
r-oldrel-windows-x86_64 | 0.1.4 | 7.00 | 47.00 | 54.00 | OK |
Version: 0.1.4
Check: compiled code
Result: NOTE
File ‘credule/libs/credule.so’:
Found no calls to: ‘R_registerRoutines’, ‘R_useDynamicSymbols’
It is good practice to register native routines and to disable symbol
search.
See ‘Writing portable packages’ in the ‘Writing R Extensions’ manual.
Flavors: r-devel-linux-x86_64-fedora-clang, r-devel-linux-x86_64-fedora-gcc