Last updated on 2025-05-18 08:50:13 CEST.
Flavor | Version | Tinstall | Tcheck | Ttotal | Status | Flags |
---|---|---|---|---|---|---|
r-devel-linux-x86_64-debian-clang | 0.1.1 | 8.21 | 68.97 | 77.18 | OK | |
r-devel-linux-x86_64-debian-gcc | 0.1.1 | 6.08 | 52.10 | 58.18 | OK | |
r-devel-linux-x86_64-fedora-clang | 0.1.1 | 115.85 | OK | |||
r-devel-linux-x86_64-fedora-gcc | 0.1.1 | 111.19 | OK | |||
r-devel-windows-x86_64 | 0.1.1 | 10.00 | 78.00 | 88.00 | OK | |
r-patched-linux-x86_64 | 0.1.1 | 7.24 | 64.68 | 71.92 | OK | |
r-release-linux-x86_64 | 0.1.1 | 7.77 | 65.49 | 73.26 | OK | |
r-release-macos-arm64 | 0.1.1 | 35.00 | OK | |||
r-release-macos-x86_64 | 0.1.1 | 60.00 | OK | |||
r-release-windows-x86_64 | 0.1.1 | 9.00 | 91.00 | 100.00 | OK | |
r-oldrel-macos-arm64 | 0.1.1 | 41.00 | NOTE | |||
r-oldrel-macos-x86_64 | 0.1.1 | 75.00 | NOTE | |||
r-oldrel-windows-x86_64 | 0.1.1 | 12.00 | 96.00 | 108.00 | NOTE |
Version: 0.1.1
Check: LazyData
Result: NOTE
'LazyData' is specified without a 'data' directory
Flavors: r-oldrel-macos-arm64, r-oldrel-macos-x86_64, r-oldrel-windows-x86_64