Last updated on 2025-05-17 08:49:35 CEST.
Flavor | Version | Tinstall | Tcheck | Ttotal | Status | Flags |
---|---|---|---|---|---|---|
r-devel-linux-x86_64-debian-clang | 1.0 | 1.57 | 15.56 | 17.13 | OK | |
r-devel-linux-x86_64-debian-gcc | 1.0 | 1.24 | 12.98 | 14.22 | OK | |
r-devel-linux-x86_64-fedora-clang | 1.0 | 26.17 | OK | |||
r-devel-linux-x86_64-fedora-gcc | 1.0 | 26.09 | OK | |||
r-devel-windows-x86_64 | 1.0 | 2.00 | 33.00 | 35.00 | OK | |
r-patched-linux-x86_64 | 1.0 | 1.42 | 14.76 | 16.18 | OK | |
r-release-linux-x86_64 | 1.0 | 1.34 | 14.72 | 16.06 | OK | |
r-release-macos-arm64 | 1.0 | 12.00 | OK | |||
r-release-macos-x86_64 | 1.0 | 22.00 | OK | |||
r-release-windows-x86_64 | 1.0 | 4.00 | 36.00 | 40.00 | OK | |
r-oldrel-macos-arm64 | 1.0 | 13.00 | NOTE | |||
r-oldrel-macos-x86_64 | 1.0 | 19.00 | NOTE | |||
r-oldrel-windows-x86_64 | 1.0 | 3.00 | 32.00 | 35.00 | NOTE |
Version: 1.0
Check: LazyData
Result: NOTE
'LazyData' is specified without a 'data' directory
Flavors: r-oldrel-macos-arm64, r-oldrel-macos-x86_64, r-oldrel-windows-x86_64